{"id":14,"date":"2025-05-12T16:16:37","date_gmt":"2025-05-12T14:16:37","guid":{"rendered":"https:\/\/lavoixdesaintjo.fr\/2025\/corse\/?page_id=14"},"modified":"2025-06-16T16:29:42","modified_gmt":"2025-06-16T14:29:42","slug":"itineraires","status":"publish","type":"page","link":"https:\/\/lavoixdesaintjo.fr\/2025\/corse\/itineraires\/","title":{"rendered":"Itin\u00e9raires en Corse"},"content":{"rendered":"<div class=\"yoast-breadcrumbs\"><span><span><a href=\"https:\/\/lavoixdesaintjo.fr\/2025\/corse\/\">Accueil<\/a><\/span> \u00bb <span class=\"breadcrumb_last\" aria-current=\"page\">Itin\u00e9raires en Corse<\/span><\/span><\/div>\n\n\n<h2 class=\"wp-block-heading\"><strong>De Bastia \u00e0 Bonifacio, d\u00e9couvrez les plus belles \u00e9tapes<\/strong> de la Corse<\/h2>\n\n\n\n<p>Partez \u00e0 la d\u00e9couverte de la Corse avec nos itin\u00e9raires cl\u00e9s en main, de Bastia \u00e0 Bonifacio. Que vous voyagiez en voiture, en moto ou en van, suivez nos \u00e9tapes incontournables pour explorer les villes c\u00f4ti\u00e8res, les villages perch\u00e9s et les paysages sauvages de l&rsquo;\u00eele de Beaut\u00e9. Chaque destination regorge de tr\u00e9sors \u00e0 d\u00e9couvrir : plages paradisiaques, ruelles historiques, march\u00e9s locaux, randonn\u00e9es, et vues \u00e0 couper le souffle.<\/p>\n\n\n\n<div class=\"wp-block-columns is-layout-flex wp-container-core-columns-is-layout-28f84493 wp-block-columns-is-layout-flex\">\n<div class=\"wp-block-column is-layout-flow wp-block-column-is-layout-flow\">\n<figure class=\"wp-block-image size-large is-resized\"><img fetchpriority=\"high\" decoding=\"async\" width=\"1024\" height=\"576\" src=\"https:\/\/lavoixdesaintjo.fr\/2025\/corse\/wp-content\/uploads\/2025\/06\/bastia-1024x576.png\" alt=\"\" class=\"wp-image-666\" style=\"object-fit:cover;width:500px;height:200px\" srcset=\"https:\/\/lavoixdesaintjo.fr\/2025\/corse\/wp-content\/uploads\/2025\/06\/bastia-1024x576.png 1024w, https:\/\/lavoixdesaintjo.fr\/2025\/corse\/wp-content\/uploads\/2025\/06\/bastia-300x169.png 300w, https:\/\/lavoixdesaintjo.fr\/2025\/corse\/wp-content\/uploads\/2025\/06\/bastia.png 1920w\" sizes=\"(max-width: 1024px) 100vw, 1024px\" \/><\/figure>\n\n\n\n<div class=\"wp-block-buttons is-content-justification-center is-layout-flex wp-container-core-buttons-is-layout-a89b3969 wp-block-buttons-is-layout-flex\">\n<div class=\"wp-block-button\"><a class=\"wp-block-button__link wp-element-button\" href=\"https:\/\/lavoixdesaintjo.fr\/2025\/corse\/bastia\/\">Bastia<\/a><\/div>\n<\/div>\n<\/div>\n\n\n\n<div class=\"wp-block-column is-layout-flow wp-block-column-is-layout-flow\">\n<figure class=\"wp-block-image size-full is-resized\"><img decoding=\"async\" width=\"1024\" height=\"682\" src=\"https:\/\/lavoixdesaintjo.fr\/2025\/corse\/wp-content\/uploads\/2025\/05\/calvi.jpg\" alt=\"\" class=\"wp-image-347\" style=\"object-fit:cover;width:500px;height:200px\" srcset=\"https:\/\/lavoixdesaintjo.fr\/2025\/corse\/wp-content\/uploads\/2025\/05\/calvi.jpg 1024w, https:\/\/lavoixdesaintjo.fr\/2025\/corse\/wp-content\/uploads\/2025\/05\/calvi-300x200.jpg 300w\" sizes=\"(max-width: 1024px) 100vw, 1024px\" \/><\/figure>\n\n\n\n<div class=\"wp-block-buttons is-content-justification-center is-layout-flex wp-container-core-buttons-is-layout-a89b3969 wp-block-buttons-is-layout-flex\">\n<div class=\"wp-block-button\"><a class=\"wp-block-button__link wp-element-button\" href=\"https:\/\/lavoixdesaintjo.fr\/2025\/corse\/calvi\/\">Calvi<\/a><\/div>\n<\/div>\n<\/div>\n\n\n\n<div class=\"wp-block-column is-layout-flow wp-block-column-is-layout-flow\">\n<figure class=\"wp-block-image size-large is-resized\"><img decoding=\"async\" width=\"1024\" height=\"576\" src=\"https:\/\/lavoixdesaintjo.fr\/2025\/corse\/wp-content\/uploads\/2025\/06\/saint-florent-1024x576.png\" alt=\"\" class=\"wp-image-668\" style=\"object-fit:cover;width:500px;height:200px\" srcset=\"https:\/\/lavoixdesaintjo.fr\/2025\/corse\/wp-content\/uploads\/2025\/06\/saint-florent-1024x576.png 1024w, https:\/\/lavoixdesaintjo.fr\/2025\/corse\/wp-content\/uploads\/2025\/06\/saint-florent-300x169.png 300w, https:\/\/lavoixdesaintjo.fr\/2025\/corse\/wp-content\/uploads\/2025\/06\/saint-florent.png 1920w\" sizes=\"(max-width: 1024px) 100vw, 1024px\" \/><\/figure>\n\n\n\n<div class=\"wp-block-buttons is-content-justification-center is-layout-flex wp-container-core-buttons-is-layout-a89b3969 wp-block-buttons-is-layout-flex\">\n<div class=\"wp-block-button\"><a class=\"wp-block-button__link wp-element-button\" href=\"https:\/\/lavoixdesaintjo.fr\/2025\/corse\/saint-florent\/\">Saint-Florent<\/a><\/div>\n<\/div>\n<\/div>\n<\/div>\n\n\n\n<div class=\"wp-block-columns is-layout-flex wp-container-core-columns-is-layout-28f84493 wp-block-columns-is-layout-flex\">\n<div class=\"wp-block-column is-layout-flow wp-block-column-is-layout-flow\">\n<figure class=\"wp-block-image size-large is-resized\"><img loading=\"lazy\" decoding=\"async\" width=\"1024\" height=\"576\" src=\"https:\/\/lavoixdesaintjo.fr\/2025\/corse\/wp-content\/uploads\/2025\/05\/8-1-2-1024x576.png\" alt=\"\" class=\"wp-image-253\" style=\"object-fit:cover;width:500px;height:200px\" srcset=\"https:\/\/lavoixdesaintjo.fr\/2025\/corse\/wp-content\/uploads\/2025\/05\/8-1-2-1024x576.png 1024w, https:\/\/lavoixdesaintjo.fr\/2025\/corse\/wp-content\/uploads\/2025\/05\/8-1-2-300x169.png 300w, https:\/\/lavoixdesaintjo.fr\/2025\/corse\/wp-content\/uploads\/2025\/05\/8-1-2.png 1920w\" sizes=\"(max-width: 1024px) 100vw, 1024px\" \/><\/figure>\n\n\n\n<div class=\"wp-block-buttons is-content-justification-center is-layout-flex wp-container-core-buttons-is-layout-a89b3969 wp-block-buttons-is-layout-flex\">\n<div class=\"wp-block-button\"><a class=\"wp-block-button__link wp-element-button\" href=\"https:\/\/lavoixdesaintjo.fr\/2025\/corse\/ajaccio\/\">Ajaccio<\/a><\/div>\n<\/div>\n<\/div>\n\n\n\n<div class=\"wp-block-column is-layout-flow wp-block-column-is-layout-flow\">\n<figure class=\"wp-block-image size-large is-resized\"><img loading=\"lazy\" decoding=\"async\" width=\"1024\" height=\"576\" src=\"https:\/\/lavoixdesaintjo.fr\/2025\/corse\/wp-content\/uploads\/2025\/06\/porto-vecchio-1024x576.png\" alt=\"\" class=\"wp-image-669\" style=\"object-fit:cover;width:500px;height:200px\" srcset=\"https:\/\/lavoixdesaintjo.fr\/2025\/corse\/wp-content\/uploads\/2025\/06\/porto-vecchio-1024x576.png 1024w, https:\/\/lavoixdesaintjo.fr\/2025\/corse\/wp-content\/uploads\/2025\/06\/porto-vecchio-300x169.png 300w, https:\/\/lavoixdesaintjo.fr\/2025\/corse\/wp-content\/uploads\/2025\/06\/porto-vecchio.png 1920w\" sizes=\"(max-width: 1024px) 100vw, 1024px\" \/><\/figure>\n\n\n\n<div class=\"wp-block-buttons is-content-justification-center is-layout-flex wp-container-core-buttons-is-layout-a89b3969 wp-block-buttons-is-layout-flex\">\n<div class=\"wp-block-button\"><a class=\"wp-block-button__link wp-element-button\" href=\"https:\/\/lavoixdesaintjo.fr\/2025\/corse\/porto-vecchio\/\">Porto-Vecchio<\/a><\/div>\n<\/div>\n<\/div>\n\n\n\n<div class=\"wp-block-column is-layout-flow wp-block-column-is-layout-flow\">\n<figure class=\"wp-block-image size-large is-resized\"><img loading=\"lazy\" decoding=\"async\" width=\"1024\" height=\"576\" src=\"https:\/\/lavoixdesaintjo.fr\/2025\/corse\/wp-content\/uploads\/2025\/06\/bonifacio-1024x576.png\" alt=\"\" class=\"wp-image-670\" style=\"object-fit:cover;width:500px;height:200px\" srcset=\"https:\/\/lavoixdesaintjo.fr\/2025\/corse\/wp-content\/uploads\/2025\/06\/bonifacio-1024x576.png 1024w, https:\/\/lavoixdesaintjo.fr\/2025\/corse\/wp-content\/uploads\/2025\/06\/bonifacio-300x169.png 300w, https:\/\/lavoixdesaintjo.fr\/2025\/corse\/wp-content\/uploads\/2025\/06\/bonifacio.png 1920w\" sizes=\"(max-width: 1024px) 100vw, 1024px\" \/><\/figure>\n\n\n\n<div class=\"wp-block-buttons is-content-justification-center is-layout-flex wp-container-core-buttons-is-layout-a89b3969 wp-block-buttons-is-layout-flex\">\n<div class=\"wp-block-button\"><a class=\"wp-block-button__link wp-element-button\" href=\"https:\/\/lavoixdesaintjo.fr\/2025\/corse\/bonifacio\/\">Bonifacio<\/a><\/div>\n<\/div>\n<\/div>\n<\/div>\n\n\n\n<div class=\"wp-block-columns is-layout-flex wp-container-core-columns-is-layout-28f84493 wp-block-columns-is-layout-flex\">\n<div class=\"wp-block-column is-layout-flow wp-block-column-is-layout-flow\">\n<details class=\"wp-block-details is-layout-flow wp-block-details-is-layout-flow\"><summary>BASTIA<\/summary>\n<ul class=\"wp-block-list\">\n<li><strong>Dur\u00e9e conseill\u00e9e<\/strong> : 1 \u00e0 2 jours<\/li>\n\n\n\n<li><strong>\u00c0 voir<\/strong> : Vieux port, Citadelle, Place Saint-Nicolas<\/li>\n<\/ul>\n\n\n\n<div class=\"wp-block-buttons is-content-justification-center is-layout-flex wp-container-core-buttons-is-layout-a89b3969 wp-block-buttons-is-layout-flex\">\n<div class=\"wp-block-button\"><a class=\"wp-block-button__link has-text-align-center wp-element-button\" href=\"https:\/\/lavoixdesaintjo.fr\/2025\/corse\/bastia\/\">D\u00e9couvrir Bastia<\/a><\/div>\n<\/div>\n<\/details>\n\n\n\n<details class=\"wp-block-details is-layout-flow wp-block-details-is-layout-flow\"><summary>CALVI<\/summary>\n<ul class=\"wp-block-list\">\n<li><strong>Dur\u00e9e conseill\u00e9e<\/strong> : 2 jours<\/li>\n\n\n\n<li><strong>\u00c0 voir<\/strong> : Citadelle, plage de Calvi, route des artisans de Balagne<\/li>\n\n\n\n<li><strong>\u00c0 faire<\/strong> : Balade en bateau jusqu\u2019\u00e0 la r\u00e9serve de Scandola<\/li>\n<\/ul>\n\n\n\n<div class=\"wp-block-buttons is-content-justification-center is-layout-flex wp-container-core-buttons-is-layout-a89b3969 wp-block-buttons-is-layout-flex\">\n<div class=\"wp-block-button\"><a class=\"wp-block-button__link has-text-align-center wp-element-button\" href=\"https:\/\/lavoixdesaintjo.fr\/2025\/corse\/calvi\/\">D\u00e9couvrir Calvi<\/a><\/div>\n<\/div>\n<\/details>\n\n\n\n<details class=\"wp-block-details is-layout-flow wp-block-details-is-layout-flow\"><summary>SAINT-FLORENT<\/summary>\n<ul class=\"wp-block-list\">\n<li><strong>Dur\u00e9e conseill\u00e9e<\/strong> : 1 jour<\/li>\n\n\n\n<li><strong>\u00c0 voir<\/strong> : Port de plaisance, citadelle, plage du Lotu<\/li>\n\n\n\n<li><strong>\u00c0 faire<\/strong> : Excursion en bateau jusqu\u2019\u00e0 Saleccia<\/li>\n<\/ul>\n\n\n\n<div class=\"wp-block-buttons is-content-justification-center is-layout-flex wp-container-core-buttons-is-layout-a89b3969 wp-block-buttons-is-layout-flex\">\n<div class=\"wp-block-button\"><a class=\"wp-block-button__link has-text-align-center wp-element-button\" href=\"https:\/\/lavoixdesaintjo.fr\/2025\/corse\/saint-florent\/\">D\u00e9couvrir Saint-Florent<\/a><\/div>\n<\/div>\n<\/details>\n\n\n\n<details class=\"wp-block-details is-layout-flow wp-block-details-is-layout-flow\"><summary>AJACCIO<\/summary>\n<ul class=\"wp-block-list\">\n<li><strong>Dur\u00e9e conseill\u00e9e<\/strong> : 2 jours<\/li>\n\n\n\n<li><strong>\u00c0 voir<\/strong> : Maison Bonaparte, plage Saint-Fran\u00e7ois, vieille ville<\/li>\n\n\n\n<li><strong>\u00c0 faire<\/strong> : D\u00e9guster un poisson frais sur le port<\/li>\n<\/ul>\n\n\n\n<div class=\"wp-block-buttons is-content-justification-center is-layout-flex wp-container-core-buttons-is-layout-a89b3969 wp-block-buttons-is-layout-flex\">\n<div class=\"wp-block-button\"><a class=\"wp-block-button__link has-text-align-center wp-element-button\" href=\"https:\/\/lavoixdesaintjo.fr\/2025\/corse\/ajaccio\/\">D\u00e9couvrir Ajaccio<\/a><\/div>\n<\/div>\n<\/details>\n\n\n\n<details class=\"wp-block-details is-layout-flow wp-block-details-is-layout-flow\"><summary>PORTO-VECCHIO<\/summary>\n<ul class=\"wp-block-list\">\n<li><strong>Dur\u00e9e conseill\u00e9e<\/strong> : 2 \u00e0 3 jours<\/li>\n\n\n\n<li><strong>\u00c0 voir<\/strong> : Plage de Palombaggia, Santa Giulia, vieille ville<\/li>\n\n\n\n<li><strong>\u00c0 faire<\/strong> : F\u00eate en bord de mer ou randonn\u00e9e \u00e0 l\u2019Ospedale<\/li>\n<\/ul>\n\n\n\n<div class=\"wp-block-buttons is-content-justification-center is-layout-flex wp-container-core-buttons-is-layout-a89b3969 wp-block-buttons-is-layout-flex\">\n<div class=\"wp-block-button\"><a class=\"wp-block-button__link has-text-align-center wp-element-button\" href=\"https:\/\/lavoixdesaintjo.fr\/2025\/corse\/porto-vecchio\/\">D\u00e9couvrir Porto-Vecchio<\/a><\/div>\n<\/div>\n<\/details>\n\n\n\n<details class=\"wp-block-details is-layout-flow wp-block-details-is-layout-flow\"><summary>BONIFACIO<\/summary>\n<ul class=\"wp-block-list\">\n<li><strong>Dur\u00e9e conseill\u00e9e<\/strong> : 1 \u00e0 2 jours<\/li>\n\n\n\n<li><strong>\u00c0 voir<\/strong> : Falaises calcaires, escaliers du roi d\u2019Aragon, port<\/li>\n\n\n\n<li><strong>\u00c0 faire<\/strong> : Croisi\u00e8re vers les grottes ou la Sardaigne<\/li>\n<\/ul>\n\n\n\n<div class=\"wp-block-buttons is-content-justification-center is-layout-flex wp-container-core-buttons-is-layout-a89b3969 wp-block-buttons-is-layout-flex\">\n<div class=\"wp-block-button\"><a class=\"wp-block-button__link has-text-align-center wp-element-button\" href=\"https:\/\/lavoixdesaintjo.fr\/2025\/corse\/bonifacio\/\">D\u00e9couvrir Bonifacio<\/a><\/div>\n<\/div>\n<\/details>\n<\/div>\n\n\n\n<div class=\"wp-block-column is-layout-flow wp-block-column-is-layout-flow\">\n<figure class=\"wp-block-image size-large is-resized\"><img loading=\"lazy\" decoding=\"async\" width=\"1024\" height=\"576\" src=\"https:\/\/lavoixdesaintjo.fr\/2025\/corse\/wp-content\/uploads\/2025\/06\/7-2-1-1024x576.png\" alt=\"\" class=\"wp-image-640\" style=\"object-fit:cover;width:500px;height:300px\" srcset=\"https:\/\/lavoixdesaintjo.fr\/2025\/corse\/wp-content\/uploads\/2025\/06\/7-2-1-1024x576.png 1024w, https:\/\/lavoixdesaintjo.fr\/2025\/corse\/wp-content\/uploads\/2025\/06\/7-2-1-300x169.png 300w, https:\/\/lavoixdesaintjo.fr\/2025\/corse\/wp-content\/uploads\/2025\/06\/7-2-1.png 1920w\" sizes=\"(max-width: 1024px) 100vw, 1024px\" \/><\/figure>\n<\/div>\n<\/div>\n\n\n\n<h3 class=\"wp-block-heading\">Informations pratiques pour organiser son itin\u00e9raire :<\/h3>\n\n\n\n<ul class=\"wp-block-list\">\n<li>Louer une voiture ou un scooter pour plus de libert\u00e9<\/li>\n\n\n\n<li>Voyager hors saison (mai ou septembre) pour \u00e9viter les foules<\/li>\n\n\n\n<li>Pr\u00e9voir des \u00e9tapes montagne\/c\u00f4te pour varier les plaisirs<\/li>\n\n\n\n<li>R\u00e9server les h\u00e9bergements \u00e0 l\u2019avance en \u00e9t\u00e9<\/li>\n<\/ul>\n\n\n\n<h4 class=\"wp-block-heading\">Pr\u00eat\u00b7e \u00e0 en prendre plein les yeux\u202f? <\/h4>\n\n\n\n<p>En Corse, les routes sont belles, les paysages magiques, et les pauses gourmandes\u2026 indispensables. Alors, lancez-vous et faites de chaque \u00e9tape un moment inoubliable !<\/p>\n\n\n\n<p><\/p>\n","protected":false},"excerpt":{"rendered":"<p>De Bastia \u00e0 Bonifacio, d\u00e9couvrez les plus belles \u00e9tapes de la Corse Partez \u00e0 la d\u00e9couverte de la Corse avec nos itin\u00e9raires cl\u00e9s en main, de Bastia \u00e0 Bonifacio. Que vous voyagiez en voiture, en moto ou en van, suivez nos \u00e9tapes incontournables pour explorer les villes c\u00f4ti\u00e8res, les villages perch\u00e9s et les paysages sauvages de l&rsquo;\u00eele de Beaut\u00e9. Chaque destination regorge de tr\u00e9sors \u00e0 d\u00e9couvrir : plages paradisiaques, ruelles historiques, march\u00e9s locaux, randonn\u00e9es, et vues \u00e0 couper le souffle. Informations pratiques pour organiser son itin\u00e9raire : Pr\u00eat\u00b7e \u00e0 en prendre plein les yeux\u202f? En Corse, les routes sont belles, les paysages magiques, et les pauses gourmandes\u2026 indispensables. Alors, lancez-vous et faites de chaque \u00e9tape un moment inoubliable !<\/p>\n","protected":false},"author":1,"featured_media":651,"parent":0,"menu_order":0,"comment_status":"closed","ping_status":"closed","template":"","meta":{"_acf_changed":false,"footnotes":""},"class_list":["post-14","page","type-page","status-publish","has-post-thumbnail","hentry"],"acf":[],"yoast_head":"<!-- This site is optimized with the Yoast SEO plugin v25.1 - https:\/\/yoast.com\/wordpress\/plugins\/seo\/ -->\n<title>Itin\u00e9raires en Corse - L&#039;\u00eele de beaut\u00e9 - La Corse<\/title>\n<meta name=\"robots\" content=\"index, follow, max-snippet:-1, max-image-preview:large, max-video-preview:-1\" \/>\n<link rel=\"canonical\" href=\"https:\/\/lavoixdesaintjo.fr\/2025\/corse\/itineraires\/\" \/>\n<meta property=\"og:locale\" content=\"fr_FR\" \/>\n<meta property=\"og:type\" content=\"article\" \/>\n<meta property=\"og:title\" content=\"Itin\u00e9raires en Corse - L&#039;\u00eele de beaut\u00e9 - La Corse\" \/>\n<meta property=\"og:description\" content=\"De Bastia \u00e0 Bonifacio, d\u00e9couvrez les plus belles \u00e9tapes de la Corse Partez \u00e0 la d\u00e9couverte de la Corse avec nos itin\u00e9raires cl\u00e9s en main, de Bastia \u00e0 Bonifacio. Que vous voyagiez en voiture, en moto ou en van, suivez nos \u00e9tapes incontournables pour explorer les villes c\u00f4ti\u00e8res, les villages perch\u00e9s et les paysages sauvages de l&rsquo;\u00eele de Beaut\u00e9. Chaque destination regorge de tr\u00e9sors \u00e0 d\u00e9couvrir : plages paradisiaques, ruelles historiques, march\u00e9s locaux, randonn\u00e9es, et vues \u00e0 couper le souffle. Informations pratiques pour organiser son itin\u00e9raire : Pr\u00eat\u00b7e \u00e0 en prendre plein les yeux\u202f? En Corse, les routes sont belles, les paysages magiques, et les pauses gourmandes\u2026 indispensables. Alors, lancez-vous et faites de chaque \u00e9tape un moment inoubliable !\" \/>\n<meta property=\"og:url\" content=\"https:\/\/lavoixdesaintjo.fr\/2025\/corse\/itineraires\/\" \/>\n<meta property=\"og:site_name\" content=\"L&#039;\u00eele de beaut\u00e9 - La Corse\" \/>\n<meta property=\"article:modified_time\" content=\"2025-06-16T14:29:42+00:00\" \/>\n<meta property=\"og:image\" content=\"https:\/\/lavoixdesaintjo.fr\/2025\/corse\/wp-content\/uploads\/2025\/06\/Design-sans-titre-3.jpg\" \/>\n\t<meta property=\"og:image:width\" content=\"1920\" \/>\n\t<meta property=\"og:image:height\" content=\"1080\" \/>\n\t<meta property=\"og:image:type\" content=\"image\/jpeg\" \/>\n<meta name=\"twitter:card\" content=\"summary_large_image\" \/>\n<meta name=\"twitter:label1\" content=\"Dur\u00e9e de lecture estim\u00e9e\" \/>\n\t<meta name=\"twitter:data1\" content=\"4 minutes\" \/>\n<script type=\"application\/ld+json\" class=\"yoast-schema-graph\">{\"@context\":\"https:\/\/schema.org\",\"@graph\":[{\"@type\":\"WebPage\",\"@id\":\"https:\/\/lavoixdesaintjo.fr\/2025\/corse\/itineraires\/\",\"url\":\"https:\/\/lavoixdesaintjo.fr\/2025\/corse\/itineraires\/\",\"name\":\"Itin\u00e9raires en Corse - L&#039;\u00eele de beaut\u00e9 - La Corse\",\"isPartOf\":{\"@id\":\"https:\/\/lavoixdesaintjo.fr\/2025\/corse\/#website\"},\"primaryImageOfPage\":{\"@id\":\"https:\/\/lavoixdesaintjo.fr\/2025\/corse\/itineraires\/#primaryimage\"},\"image\":{\"@id\":\"https:\/\/lavoixdesaintjo.fr\/2025\/corse\/itineraires\/#primaryimage\"},\"thumbnailUrl\":\"https:\/\/lavoixdesaintjo.fr\/2025\/corse\/wp-content\/uploads\/2025\/06\/Design-sans-titre-3.jpg\",\"datePublished\":\"2025-05-12T14:16:37+00:00\",\"dateModified\":\"2025-06-16T14:29:42+00:00\",\"breadcrumb\":{\"@id\":\"https:\/\/lavoixdesaintjo.fr\/2025\/corse\/itineraires\/#breadcrumb\"},\"inLanguage\":\"fr-FR\",\"potentialAction\":[{\"@type\":\"ReadAction\",\"target\":[\"https:\/\/lavoixdesaintjo.fr\/2025\/corse\/itineraires\/\"]}]},{\"@type\":\"ImageObject\",\"inLanguage\":\"fr-FR\",\"@id\":\"https:\/\/lavoixdesaintjo.fr\/2025\/corse\/itineraires\/#primaryimage\",\"url\":\"https:\/\/lavoixdesaintjo.fr\/2025\/corse\/wp-content\/uploads\/2025\/06\/Design-sans-titre-3.jpg\",\"contentUrl\":\"https:\/\/lavoixdesaintjo.fr\/2025\/corse\/wp-content\/uploads\/2025\/06\/Design-sans-titre-3.jpg\",\"width\":1920,\"height\":1080},{\"@type\":\"BreadcrumbList\",\"@id\":\"https:\/\/lavoixdesaintjo.fr\/2025\/corse\/itineraires\/#breadcrumb\",\"itemListElement\":[{\"@type\":\"ListItem\",\"position\":1,\"name\":\"Accueil\",\"item\":\"https:\/\/lavoixdesaintjo.fr\/2025\/corse\/\"},{\"@type\":\"ListItem\",\"position\":2,\"name\":\"Itin\u00e9raires en Corse\"}]},{\"@type\":\"WebSite\",\"@id\":\"https:\/\/lavoixdesaintjo.fr\/2025\/corse\/#website\",\"url\":\"https:\/\/lavoixdesaintjo.fr\/2025\/corse\/\",\"name\":\"L&#039;\u00eele de beaut\u00e9 - La Corse\",\"description\":\"\",\"publisher\":{\"@id\":\"https:\/\/lavoixdesaintjo.fr\/2025\/corse\/#organization\"},\"potentialAction\":[{\"@type\":\"SearchAction\",\"target\":{\"@type\":\"EntryPoint\",\"urlTemplate\":\"https:\/\/lavoixdesaintjo.fr\/2025\/corse\/?s={search_term_string}\"},\"query-input\":{\"@type\":\"PropertyValueSpecification\",\"valueRequired\":true,\"valueName\":\"search_term_string\"}}],\"inLanguage\":\"fr-FR\"},{\"@type\":\"Organization\",\"@id\":\"https:\/\/lavoixdesaintjo.fr\/2025\/corse\/#organization\",\"name\":\"L&#039;\u00eele de beaut\u00e9 - La Corse\",\"url\":\"https:\/\/lavoixdesaintjo.fr\/2025\/corse\/\",\"logo\":{\"@type\":\"ImageObject\",\"inLanguage\":\"fr-FR\",\"@id\":\"https:\/\/lavoixdesaintjo.fr\/2025\/corse\/#\/schema\/logo\/image\/\",\"url\":\"https:\/\/lavoixdesaintjo.fr\/2025\/corse\/wp-content\/uploads\/2025\/05\/cropped-LOGO-CORSE-V2.png\",\"contentUrl\":\"https:\/\/lavoixdesaintjo.fr\/2025\/corse\/wp-content\/uploads\/2025\/05\/cropped-LOGO-CORSE-V2.png\",\"width\":616,\"height\":813,\"caption\":\"L&#039;\u00eele de beaut\u00e9 - La Corse\"},\"image\":{\"@id\":\"https:\/\/lavoixdesaintjo.fr\/2025\/corse\/#\/schema\/logo\/image\/\"}}]}<\/script>\n<!-- \/ Yoast SEO plugin. -->","yoast_head_json":{"title":"Itin\u00e9raires en Corse - L&#039;\u00eele de beaut\u00e9 - La Corse","robots":{"index":"index","follow":"follow","max-snippet":"max-snippet:-1","max-image-preview":"max-image-preview:large","max-video-preview":"max-video-preview:-1"},"canonical":"https:\/\/lavoixdesaintjo.fr\/2025\/corse\/itineraires\/","og_locale":"fr_FR","og_type":"article","og_title":"Itin\u00e9raires en Corse - L&#039;\u00eele de beaut\u00e9 - La Corse","og_description":"De Bastia \u00e0 Bonifacio, d\u00e9couvrez les plus belles \u00e9tapes de la Corse Partez \u00e0 la d\u00e9couverte de la Corse avec nos itin\u00e9raires cl\u00e9s en main, de Bastia \u00e0 Bonifacio. Que vous voyagiez en voiture, en moto ou en van, suivez nos \u00e9tapes incontournables pour explorer les villes c\u00f4ti\u00e8res, les villages perch\u00e9s et les paysages sauvages de l&rsquo;\u00eele de Beaut\u00e9. Chaque destination regorge de tr\u00e9sors \u00e0 d\u00e9couvrir : plages paradisiaques, ruelles historiques, march\u00e9s locaux, randonn\u00e9es, et vues \u00e0 couper le souffle. Informations pratiques pour organiser son itin\u00e9raire : Pr\u00eat\u00b7e \u00e0 en prendre plein les yeux\u202f? En Corse, les routes sont belles, les paysages magiques, et les pauses gourmandes\u2026 indispensables. Alors, lancez-vous et faites de chaque \u00e9tape un moment inoubliable !","og_url":"https:\/\/lavoixdesaintjo.fr\/2025\/corse\/itineraires\/","og_site_name":"L&#039;\u00eele de beaut\u00e9 - La Corse","article_modified_time":"2025-06-16T14:29:42+00:00","og_image":[{"width":1920,"height":1080,"url":"https:\/\/lavoixdesaintjo.fr\/2025\/corse\/wp-content\/uploads\/2025\/06\/Design-sans-titre-3.jpg","type":"image\/jpeg"}],"twitter_card":"summary_large_image","twitter_misc":{"Dur\u00e9e de lecture estim\u00e9e":"4 minutes"},"schema":{"@context":"https:\/\/schema.org","@graph":[{"@type":"WebPage","@id":"https:\/\/lavoixdesaintjo.fr\/2025\/corse\/itineraires\/","url":"https:\/\/lavoixdesaintjo.fr\/2025\/corse\/itineraires\/","name":"Itin\u00e9raires en Corse - L&#039;\u00eele de beaut\u00e9 - La Corse","isPartOf":{"@id":"https:\/\/lavoixdesaintjo.fr\/2025\/corse\/#website"},"primaryImageOfPage":{"@id":"https:\/\/lavoixdesaintjo.fr\/2025\/corse\/itineraires\/#primaryimage"},"image":{"@id":"https:\/\/lavoixdesaintjo.fr\/2025\/corse\/itineraires\/#primaryimage"},"thumbnailUrl":"https:\/\/lavoixdesaintjo.fr\/2025\/corse\/wp-content\/uploads\/2025\/06\/Design-sans-titre-3.jpg","datePublished":"2025-05-12T14:16:37+00:00","dateModified":"2025-06-16T14:29:42+00:00","breadcrumb":{"@id":"https:\/\/lavoixdesaintjo.fr\/2025\/corse\/itineraires\/#breadcrumb"},"inLanguage":"fr-FR","potentialAction":[{"@type":"ReadAction","target":["https:\/\/lavoixdesaintjo.fr\/2025\/corse\/itineraires\/"]}]},{"@type":"ImageObject","inLanguage":"fr-FR","@id":"https:\/\/lavoixdesaintjo.fr\/2025\/corse\/itineraires\/#primaryimage","url":"https:\/\/lavoixdesaintjo.fr\/2025\/corse\/wp-content\/uploads\/2025\/06\/Design-sans-titre-3.jpg","contentUrl":"https:\/\/lavoixdesaintjo.fr\/2025\/corse\/wp-content\/uploads\/2025\/06\/Design-sans-titre-3.jpg","width":1920,"height":1080},{"@type":"BreadcrumbList","@id":"https:\/\/lavoixdesaintjo.fr\/2025\/corse\/itineraires\/#breadcrumb","itemListElement":[{"@type":"ListItem","position":1,"name":"Accueil","item":"https:\/\/lavoixdesaintjo.fr\/2025\/corse\/"},{"@type":"ListItem","position":2,"name":"Itin\u00e9raires en Corse"}]},{"@type":"WebSite","@id":"https:\/\/lavoixdesaintjo.fr\/2025\/corse\/#website","url":"https:\/\/lavoixdesaintjo.fr\/2025\/corse\/","name":"L&#039;\u00eele de beaut\u00e9 - La Corse","description":"","publisher":{"@id":"https:\/\/lavoixdesaintjo.fr\/2025\/corse\/#organization"},"potentialAction":[{"@type":"SearchAction","target":{"@type":"EntryPoint","urlTemplate":"https:\/\/lavoixdesaintjo.fr\/2025\/corse\/?s={search_term_string}"},"query-input":{"@type":"PropertyValueSpecification","valueRequired":true,"valueName":"search_term_string"}}],"inLanguage":"fr-FR"},{"@type":"Organization","@id":"https:\/\/lavoixdesaintjo.fr\/2025\/corse\/#organization","name":"L&#039;\u00eele de beaut\u00e9 - La Corse","url":"https:\/\/lavoixdesaintjo.fr\/2025\/corse\/","logo":{"@type":"ImageObject","inLanguage":"fr-FR","@id":"https:\/\/lavoixdesaintjo.fr\/2025\/corse\/#\/schema\/logo\/image\/","url":"https:\/\/lavoixdesaintjo.fr\/2025\/corse\/wp-content\/uploads\/2025\/05\/cropped-LOGO-CORSE-V2.png","contentUrl":"https:\/\/lavoixdesaintjo.fr\/2025\/corse\/wp-content\/uploads\/2025\/05\/cropped-LOGO-CORSE-V2.png","width":616,"height":813,"caption":"L&#039;\u00eele de beaut\u00e9 - La Corse"},"image":{"@id":"https:\/\/lavoixdesaintjo.fr\/2025\/corse\/#\/schema\/logo\/image\/"}}]}},"jetpack_sharing_enabled":true,"_links":{"self":[{"href":"https:\/\/lavoixdesaintjo.fr\/2025\/corse\/wp-json\/wp\/v2\/pages\/14","targetHints":{"allow":["GET"]}}],"collection":[{"href":"https:\/\/lavoixdesaintjo.fr\/2025\/corse\/wp-json\/wp\/v2\/pages"}],"about":[{"href":"https:\/\/lavoixdesaintjo.fr\/2025\/corse\/wp-json\/wp\/v2\/types\/page"}],"author":[{"embeddable":true,"href":"https:\/\/lavoixdesaintjo.fr\/2025\/corse\/wp-json\/wp\/v2\/users\/1"}],"replies":[{"embeddable":true,"href":"https:\/\/lavoixdesaintjo.fr\/2025\/corse\/wp-json\/wp\/v2\/comments?post=14"}],"version-history":[{"count":24,"href":"https:\/\/lavoixdesaintjo.fr\/2025\/corse\/wp-json\/wp\/v2\/pages\/14\/revisions"}],"predecessor-version":[{"id":675,"href":"https:\/\/lavoixdesaintjo.fr\/2025\/corse\/wp-json\/wp\/v2\/pages\/14\/revisions\/675"}],"wp:featuredmedia":[{"embeddable":true,"href":"https:\/\/lavoixdesaintjo.fr\/2025\/corse\/wp-json\/wp\/v2\/media\/651"}],"wp:attachment":[{"href":"https:\/\/lavoixdesaintjo.fr\/2025\/corse\/wp-json\/wp\/v2\/media?parent=14"}],"curies":[{"name":"wp","href":"https:\/\/api.w.org\/{rel}","templated":true}]}}