{"id":27,"date":"2025-05-12T16:21:13","date_gmt":"2025-05-12T14:21:13","guid":{"rendered":"https:\/\/lavoixdesaintjo.fr\/2025\/corse\/?page_id=27"},"modified":"2025-07-04T15:40:50","modified_gmt":"2025-07-04T13:40:50","slug":"activites-a-faire-en-corse","status":"publish","type":"page","link":"https:\/\/lavoixdesaintjo.fr\/2025\/corse\/activites-a-faire-en-corse\/","title":{"rendered":"Activit\u00e9s \u00e0 faire en Corse"},"content":{"rendered":"<div class=\"yoast-breadcrumbs\"><span><span><a href=\"https:\/\/lavoixdesaintjo.fr\/2025\/corse\/\">Accueil<\/a><\/span> \u00bb <span class=\"breadcrumb_last\" aria-current=\"page\">Activit\u00e9s \u00e0 faire en Corse<\/span><\/span><\/div>\n\n\n<div style=\"height:23px\" aria-hidden=\"true\" class=\"wp-block-spacer\"><\/div>\n\n\n\n<p>La Corse est bien plus qu\u2019une \u00eele aux plages paradisiaques. Elle offre une incroyable diversit\u00e9 d\u2019activit\u00e9s, entre mer et montagne, nature et culture, d\u00e9tente et aventure. Que vous soyez sportif, amateur de d\u00e9couvertes ou simplement curieux, l\u2019\u00eele de Beaut\u00e9 a de quoi vous \u00e9merveiller.<\/p>\n\n\n\n<div style=\"height:24px\" aria-hidden=\"true\" class=\"wp-block-spacer\"><\/div>\n\n\n\n<h2 class=\"wp-block-heading\">Les Randonn\u00e9es et Balades dans la Nature<\/h2>\n\n\n\n<div class=\"wp-block-columns is-layout-flex wp-container-core-columns-is-layout-28f84493 wp-block-columns-is-layout-flex\">\n<div class=\"wp-block-column is-layout-flow wp-block-column-is-layout-flow\" style=\"flex-basis:66.66%\">\n<div style=\"height:12px\" aria-hidden=\"true\" class=\"wp-block-spacer\"><\/div>\n\n\n\n<h3 class=\"wp-block-heading\"><strong>Le GR20 : le mythe corse<\/strong><\/h3>\n\n\n\n<p>Le GR20 est l\u2019un des sentiers de grande randonn\u00e9e les plus r\u00e9put\u00e9s d\u2019Europe. Il traverse la Corse du nord au sud, de Calenzana \u00e0 Conca. R\u00e9serv\u00e9 aux randonneurs exp\u00e9riment\u00e9s, il offre des paysages \u00e0 couper le souffle.<\/p>\n\n\n\n<h3 class=\"wp-block-heading\"><strong>Sentier des Douaniers (Cap Corse)<\/strong><\/h3>\n\n\n\n<p>Accessible \u00e0 tous, ce sentier c\u00f4tier longe la mer entre Macinaggio et Centuri. Id\u00e9al pour d\u00e9couvrir les criques sauvages et la flore m\u00e9diterran\u00e9enne.<\/p>\n\n\n\n<h3 class=\"wp-block-heading\"><strong>For\u00eat de Vizzavona<\/strong><\/h3>\n\n\n\n<p>Un havre de fra\u00eecheur au c\u0153ur de la montagne corse, avec des cascades, des pins laricio et des sentiers faciles pour toute la famille.<\/p>\n<\/div>\n\n\n\n<div class=\"wp-block-column is-layout-flow wp-block-column-is-layout-flow\" style=\"flex-basis:33.33%\">\n<figure class=\"wp-block-image size-full is-resized\"><img fetchpriority=\"high\" decoding=\"async\" width=\"500\" height=\"500\" src=\"https:\/\/lavoixdesaintjo.fr\/2025\/corse\/wp-content\/uploads\/2025\/07\/activites-a-faire.jpg\" alt=\"\" class=\"wp-image-877\" style=\"object-fit:cover;width:500px;height:500px\" srcset=\"https:\/\/lavoixdesaintjo.fr\/2025\/corse\/wp-content\/uploads\/2025\/07\/activites-a-faire.jpg 500w, https:\/\/lavoixdesaintjo.fr\/2025\/corse\/wp-content\/uploads\/2025\/07\/activites-a-faire-300x300.jpg 300w, https:\/\/lavoixdesaintjo.fr\/2025\/corse\/wp-content\/uploads\/2025\/07\/activites-a-faire-150x150.jpg 150w\" sizes=\"(max-width: 500px) 100vw, 500px\" \/><\/figure>\n<\/div>\n<\/div>\n\n\n\n<h2 class=\"wp-block-heading\">Les Baignades et activit\u00e9s nautiques en bord de mer<\/h2>\n\n\n\n<div class=\"wp-block-columns is-layout-flex wp-container-core-columns-is-layout-28f84493 wp-block-columns-is-layout-flex\">\n<div class=\"wp-block-column is-layout-flow wp-block-column-is-layout-flow\" style=\"flex-basis:33.33%\">\n<figure class=\"wp-block-image size-full is-resized\"><img decoding=\"async\" width=\"500\" height=\"500\" src=\"https:\/\/lavoixdesaintjo.fr\/2025\/corse\/wp-content\/uploads\/2025\/07\/plonge-1.jpg\" alt=\"\" class=\"wp-image-887\" style=\"object-fit:cover;width:500px;height:500px\" srcset=\"https:\/\/lavoixdesaintjo.fr\/2025\/corse\/wp-content\/uploads\/2025\/07\/plonge-1.jpg 500w, https:\/\/lavoixdesaintjo.fr\/2025\/corse\/wp-content\/uploads\/2025\/07\/plonge-1-300x300.jpg 300w, https:\/\/lavoixdesaintjo.fr\/2025\/corse\/wp-content\/uploads\/2025\/07\/plonge-1-150x150.jpg 150w\" sizes=\"(max-width: 500px) 100vw, 500px\" \/><\/figure>\n<\/div>\n\n\n\n<div class=\"wp-block-column is-layout-flow wp-block-column-is-layout-flow\" style=\"flex-basis:66.66%\">\n<div style=\"height:31px\" aria-hidden=\"true\" class=\"wp-block-spacer\"><\/div>\n\n\n\n<h3 class=\"wp-block-heading\"><strong>Plong\u00e9e sous-marine<\/strong><\/h3>\n\n\n\n<p>Explorez les fonds marins corses, notamment autour de la r\u00e9serve de Scandola, au golfe de Porto ou pr\u00e8s de Bonifacio. Clubs de plong\u00e9e disponibles partout sur l\u2019\u00eele.<\/p>\n\n\n\n<h3 class=\"wp-block-heading\"><strong>Balades en bateau<\/strong><\/h3>\n\n\n\n<p>Embarquez pour une excursion vers les calanques de Piana, la r\u00e9serve de Scandola ou les \u00eeles Lavezzi. Possibilit\u00e9 de louer un bateau avec ou sans skipper.<\/p>\n\n\n\n<h3 class=\"wp-block-heading\"><strong>Kayak &amp; paddle<\/strong><\/h3>\n\n\n\n<p>Parfait pour longer les c\u00f4tes \u00e0 votre rythme, d\u00e9couvrir les grottes marines et acc\u00e9der \u00e0 des criques inaccessibles \u00e0 pied.<\/p>\n<\/div>\n<\/div>\n\n\n\n<div style=\"height:30px\" aria-hidden=\"true\" class=\"wp-block-spacer\"><\/div>\n\n\n\n<h2 class=\"wp-block-heading\">Activit\u00e9s \u00e0 faire en road trip<\/h2>\n\n\n\n<div class=\"wp-block-columns is-layout-flex wp-container-core-columns-is-layout-28f84493 wp-block-columns-is-layout-flex\">\n<div class=\"wp-block-column is-layout-flow wp-block-column-is-layout-flow\" style=\"flex-basis:66.66%\">\n<h3 class=\"wp-block-heading\"><strong>La route des vins<\/strong><\/h3>\n\n\n\n<p>Parcourez les vignobles de Patrimonio, Ajaccio ou Sart\u00e8ne. D\u00e9gustations, visites de caves, d\u00e9couverte du terroir corse.<\/p>\n\n\n\n<h3 class=\"wp-block-heading\"><strong>Les villages perch\u00e9s<\/strong><\/h3>\n\n\n\n<p>Ne manquez pas Pigna, Sant\u2019Antonino, Corte ou Zonza. Ces villages offrent une immersion dans l\u2019\u00e2me corse entre traditions et vues panoramiques.<\/p>\n<\/div>\n\n\n\n<div class=\"wp-block-column is-layout-flow wp-block-column-is-layout-flow\" style=\"flex-basis:33.33%\">\n<figure class=\"wp-block-image size-full is-resized\"><img decoding=\"async\" width=\"500\" height=\"500\" src=\"https:\/\/lavoixdesaintjo.fr\/2025\/corse\/wp-content\/uploads\/2025\/07\/restau.jpg\" alt=\"\" class=\"wp-image-895\" style=\"object-fit:cover;width:500px;height:300px\" srcset=\"https:\/\/lavoixdesaintjo.fr\/2025\/corse\/wp-content\/uploads\/2025\/07\/restau.jpg 500w, https:\/\/lavoixdesaintjo.fr\/2025\/corse\/wp-content\/uploads\/2025\/07\/restau-300x300.jpg 300w, https:\/\/lavoixdesaintjo.fr\/2025\/corse\/wp-content\/uploads\/2025\/07\/restau-150x150.jpg 150w\" sizes=\"(max-width: 500px) 100vw, 500px\" \/><\/figure>\n<\/div>\n<\/div>\n\n\n\n<h2 class=\"wp-block-heading\">Activit\u00e9s culturelles &amp; patrimoniales<\/h2>\n\n\n\n<div class=\"wp-block-columns is-layout-flex wp-container-core-columns-is-layout-28f84493 wp-block-columns-is-layout-flex\">\n<div class=\"wp-block-column is-layout-flow wp-block-column-is-layout-flow\" style=\"flex-basis:33.33%\">\n<figure class=\"wp-block-image size-full is-resized\"><img loading=\"lazy\" decoding=\"async\" width=\"500\" height=\"500\" src=\"https:\/\/lavoixdesaintjo.fr\/2025\/corse\/wp-content\/uploads\/2025\/07\/actvite-2.jpg\" alt=\"\" class=\"wp-image-899\" style=\"object-fit:cover;width:500px;height:500px\" srcset=\"https:\/\/lavoixdesaintjo.fr\/2025\/corse\/wp-content\/uploads\/2025\/07\/actvite-2.jpg 500w, https:\/\/lavoixdesaintjo.fr\/2025\/corse\/wp-content\/uploads\/2025\/07\/actvite-2-300x300.jpg 300w, https:\/\/lavoixdesaintjo.fr\/2025\/corse\/wp-content\/uploads\/2025\/07\/actvite-2-150x150.jpg 150w\" sizes=\"(max-width: 500px) 100vw, 500px\" \/><\/figure>\n<\/div>\n\n\n\n<div class=\"wp-block-column is-layout-flow wp-block-column-is-layout-flow\" style=\"flex-basis:66.66%\">\n<h3 class=\"wp-block-heading\"><strong>Visite de citadelles<\/strong><\/h3>\n\n\n\n<p>Corte, Bonifacio, Calvi ou Bastia\u2026 leurs citadelles perch\u00e9es t\u00e9moignent du pass\u00e9 g\u00e9nois et offrent des vues spectaculaires.<\/p>\n\n\n\n<h3 class=\"wp-block-heading\"><strong>Mus\u00e9es &amp; sites historiques<\/strong><\/h3>\n\n\n\n<ul class=\"wp-block-list\">\n<li>Mus\u00e9e de la Corse \u00e0 Corte<\/li>\n\n\n\n<li>Site arch\u00e9ologique de Filitosa<\/li>\n\n\n\n<li>\u00c9glises baroques du Cap Corse<\/li>\n<\/ul>\n\n\n\n<h3 class=\"wp-block-heading\"><strong>Festivals corses<\/strong><\/h3>\n\n\n\n<p>Assistez \u00e0 des concerts polyphoniques, \u00e0 des foires artisanales ou \u00e0 des festivals culturels comme le festival de jazz de Calvi.<\/p>\n\n\n\n<div class=\"wp-block-buttons is-content-justification-center is-layout-flex wp-container-core-buttons-is-layout-a89b3969 wp-block-buttons-is-layout-flex\">\n<div class=\"wp-block-button\"><a class=\"wp-block-button__link has-text-align-center wp-element-button\" href=\"https:\/\/lavoixdesaintjo.fr\/2025\/corse\/bons-plans-evenements-a-ne-pas-manquer\/\">D\u00e9couvrir les \u00e9v\u00e9nements<\/a><\/div>\n<\/div>\n<\/div>\n<\/div>\n\n\n\n<h2 class=\"wp-block-heading\">Explorez plus<\/h2>\n\n\n\n<p>\ud83d\udc49 D\u00e9couvrez nos <strong><a href=\"https:\/\/lavoixdesaintjo.fr\/2025\/corse\/itineraires\/\">itin\u00e9raires sur mesure<\/a><\/strong> pour combiner plages, montagne, villages et activit\u00e9s sportives.<br>\ud83d\udc49 Consultez nos <strong><a href=\"https:\/\/lavoixdesaintjo.fr\/2025\/corse\/bons-plans\/\">bons plans<\/a><\/strong> pour profiter d\u2019activit\u00e9s \u00e0 petits prix hors saison.<\/p>\n","protected":false},"excerpt":{"rendered":"<p>La Corse est bien plus qu\u2019une \u00eele aux plages paradisiaques. Elle offre une incroyable diversit\u00e9 d\u2019activit\u00e9s, entre mer et montagne, nature et culture, d\u00e9tente et aventure. Que vous soyez sportif, amateur de d\u00e9couvertes ou simplement curieux, l\u2019\u00eele de Beaut\u00e9 a de quoi vous \u00e9merveiller. Les Randonn\u00e9es et Balades dans la Nature Le GR20 : le mythe corse Le GR20 est l\u2019un des sentiers de grande randonn\u00e9e les plus r\u00e9put\u00e9s d\u2019Europe. Il traverse la Corse du nord au sud, de Calenzana \u00e0 Conca. R\u00e9serv\u00e9 aux randonneurs exp\u00e9riment\u00e9s, il offre des paysages \u00e0 couper le souffle. Sentier des Douaniers (Cap Corse) Accessible \u00e0 tous, ce sentier c\u00f4tier longe la mer entre Macinaggio et Centuri. Id\u00e9al pour d\u00e9couvrir les criques sauvages et la flore m\u00e9diterran\u00e9enne. For\u00eat de Vizzavona Un havre de fra\u00eecheur au c\u0153ur de la montagne corse, avec des cascades, des pins laricio et des sentiers faciles pour toute la famille. Les Baignades et activit\u00e9s nautiques en bord de mer Plong\u00e9e sous-marine Explorez les fonds marins corses, notamment autour de la r\u00e9serve de Scandola, au golfe de Porto ou pr\u00e8s de Bonifacio. Clubs de plong\u00e9e disponibles partout sur l\u2019\u00eele. Balades en bateau Embarquez pour une excursion vers les calanques de Piana, la r\u00e9serve de Scandola ou les \u00eeles Lavezzi. Possibilit\u00e9 de louer un bateau avec ou sans skipper. Kayak &amp; paddle Parfait pour longer les c\u00f4tes \u00e0 votre rythme, d\u00e9couvrir les grottes marines et acc\u00e9der \u00e0 des criques inaccessibles \u00e0 pied. Activit\u00e9s \u00e0 faire en road trip La route des vins Parcourez les vignobles de Patrimonio, Ajaccio ou Sart\u00e8ne. D\u00e9gustations, visites de caves, d\u00e9couverte du terroir corse. Les villages perch\u00e9s Ne manquez pas Pigna, Sant\u2019Antonino, Corte ou Zonza. Ces villages offrent une immersion dans l\u2019\u00e2me corse entre traditions et vues panoramiques. Activit\u00e9s culturelles &amp; patrimoniales Visite de citadelles Corte, Bonifacio, Calvi ou Bastia\u2026 leurs citadelles perch\u00e9es t\u00e9moignent du pass\u00e9 g\u00e9nois et offrent des vues spectaculaires. Mus\u00e9es &amp; sites historiques Festivals corses Assistez \u00e0 des concerts polyphoniques, \u00e0 des foires artisanales ou \u00e0 des festivals culturels comme le festival de jazz de Calvi. Explorez plus \ud83d\udc49 D\u00e9couvrez nos itin\u00e9raires sur mesure pour combiner plages, montagne, villages et activit\u00e9s sportives.\ud83d\udc49 Consultez nos bons plans pour profiter d\u2019activit\u00e9s \u00e0 petits prix hors saison.<\/p>\n","protected":false},"author":1,"featured_media":873,"parent":0,"menu_order":0,"comment_status":"closed","ping_status":"closed","template":"","meta":{"_acf_changed":false,"footnotes":""},"class_list":["post-27","page","type-page","status-publish","has-post-thumbnail","hentry"],"acf":[],"yoast_head":"<!-- This site is optimized with the Yoast SEO plugin v25.1 - https:\/\/yoast.com\/wordpress\/plugins\/seo\/ -->\n<title>Activit\u00e9s \u00e0 faire en Corse - L&#039;\u00eele de beaut\u00e9 - La Corse<\/title>\n<meta name=\"description\" content=\"Retrouvez les incontournables de la Corse \u00e0 travers ses plages, paysages, d\u00e9gustations culinaires et pleins d&#039;autres encore.\" \/>\n<meta name=\"robots\" content=\"index, follow, max-snippet:-1, max-image-preview:large, max-video-preview:-1\" \/>\n<link rel=\"canonical\" href=\"https:\/\/lavoixdesaintjo.fr\/2025\/corse\/activites-a-faire-en-corse\/\" \/>\n<meta property=\"og:locale\" content=\"fr_FR\" \/>\n<meta property=\"og:type\" content=\"article\" \/>\n<meta property=\"og:title\" content=\"Activit\u00e9s \u00e0 faire en Corse - L&#039;\u00eele de beaut\u00e9 - La Corse\" \/>\n<meta property=\"og:description\" content=\"Retrouvez les incontournables de la Corse \u00e0 travers ses plages, paysages, d\u00e9gustations culinaires et pleins d&#039;autres encore.\" \/>\n<meta property=\"og:url\" content=\"https:\/\/lavoixdesaintjo.fr\/2025\/corse\/activites-a-faire-en-corse\/\" \/>\n<meta property=\"og:site_name\" content=\"L&#039;\u00eele de beaut\u00e9 - La Corse\" \/>\n<meta property=\"article:modified_time\" content=\"2025-07-04T13:40:50+00:00\" \/>\n<meta property=\"og:image\" content=\"https:\/\/lavoixdesaintjo.fr\/2025\/corse\/wp-content\/uploads\/2025\/07\/3.jpg\" \/>\n\t<meta property=\"og:image:width\" content=\"1920\" \/>\n\t<meta property=\"og:image:height\" content=\"1080\" \/>\n\t<meta property=\"og:image:type\" content=\"image\/jpeg\" \/>\n<meta name=\"twitter:card\" content=\"summary_large_image\" \/>\n<meta name=\"twitter:label1\" content=\"Dur\u00e9e de lecture estim\u00e9e\" \/>\n\t<meta name=\"twitter:data1\" content=\"3 minutes\" \/>\n<script type=\"application\/ld+json\" class=\"yoast-schema-graph\">{\"@context\":\"https:\/\/schema.org\",\"@graph\":[{\"@type\":\"WebPage\",\"@id\":\"https:\/\/lavoixdesaintjo.fr\/2025\/corse\/activites-a-faire-en-corse\/\",\"url\":\"https:\/\/lavoixdesaintjo.fr\/2025\/corse\/activites-a-faire-en-corse\/\",\"name\":\"Activit\u00e9s \u00e0 faire en Corse - L&#039;\u00eele de beaut\u00e9 - La Corse\",\"isPartOf\":{\"@id\":\"https:\/\/lavoixdesaintjo.fr\/2025\/corse\/#website\"},\"primaryImageOfPage\":{\"@id\":\"https:\/\/lavoixdesaintjo.fr\/2025\/corse\/activites-a-faire-en-corse\/#primaryimage\"},\"image\":{\"@id\":\"https:\/\/lavoixdesaintjo.fr\/2025\/corse\/activites-a-faire-en-corse\/#primaryimage\"},\"thumbnailUrl\":\"https:\/\/lavoixdesaintjo.fr\/2025\/corse\/wp-content\/uploads\/2025\/07\/3.jpg\",\"datePublished\":\"2025-05-12T14:21:13+00:00\",\"dateModified\":\"2025-07-04T13:40:50+00:00\",\"description\":\"Retrouvez les incontournables de la Corse \u00e0 travers ses plages, paysages, d\u00e9gustations culinaires et pleins d'autres encore.\",\"breadcrumb\":{\"@id\":\"https:\/\/lavoixdesaintjo.fr\/2025\/corse\/activites-a-faire-en-corse\/#breadcrumb\"},\"inLanguage\":\"fr-FR\",\"potentialAction\":[{\"@type\":\"ReadAction\",\"target\":[\"https:\/\/lavoixdesaintjo.fr\/2025\/corse\/activites-a-faire-en-corse\/\"]}]},{\"@type\":\"ImageObject\",\"inLanguage\":\"fr-FR\",\"@id\":\"https:\/\/lavoixdesaintjo.fr\/2025\/corse\/activites-a-faire-en-corse\/#primaryimage\",\"url\":\"https:\/\/lavoixdesaintjo.fr\/2025\/corse\/wp-content\/uploads\/2025\/07\/3.jpg\",\"contentUrl\":\"https:\/\/lavoixdesaintjo.fr\/2025\/corse\/wp-content\/uploads\/2025\/07\/3.jpg\",\"width\":1920,\"height\":1080},{\"@type\":\"BreadcrumbList\",\"@id\":\"https:\/\/lavoixdesaintjo.fr\/2025\/corse\/activites-a-faire-en-corse\/#breadcrumb\",\"itemListElement\":[{\"@type\":\"ListItem\",\"position\":1,\"name\":\"Accueil\",\"item\":\"https:\/\/lavoixdesaintjo.fr\/2025\/corse\/\"},{\"@type\":\"ListItem\",\"position\":2,\"name\":\"Activit\u00e9s \u00e0 faire en Corse\"}]},{\"@type\":\"WebSite\",\"@id\":\"https:\/\/lavoixdesaintjo.fr\/2025\/corse\/#website\",\"url\":\"https:\/\/lavoixdesaintjo.fr\/2025\/corse\/\",\"name\":\"L&#039;\u00eele de beaut\u00e9 - La Corse\",\"description\":\"\",\"publisher\":{\"@id\":\"https:\/\/lavoixdesaintjo.fr\/2025\/corse\/#organization\"},\"potentialAction\":[{\"@type\":\"SearchAction\",\"target\":{\"@type\":\"EntryPoint\",\"urlTemplate\":\"https:\/\/lavoixdesaintjo.fr\/2025\/corse\/?s={search_term_string}\"},\"query-input\":{\"@type\":\"PropertyValueSpecification\",\"valueRequired\":true,\"valueName\":\"search_term_string\"}}],\"inLanguage\":\"fr-FR\"},{\"@type\":\"Organization\",\"@id\":\"https:\/\/lavoixdesaintjo.fr\/2025\/corse\/#organization\",\"name\":\"L&#039;\u00eele de beaut\u00e9 - La Corse\",\"url\":\"https:\/\/lavoixdesaintjo.fr\/2025\/corse\/\",\"logo\":{\"@type\":\"ImageObject\",\"inLanguage\":\"fr-FR\",\"@id\":\"https:\/\/lavoixdesaintjo.fr\/2025\/corse\/#\/schema\/logo\/image\/\",\"url\":\"https:\/\/lavoixdesaintjo.fr\/2025\/corse\/wp-content\/uploads\/2025\/05\/cropped-LOGO-CORSE-V2.png\",\"contentUrl\":\"https:\/\/lavoixdesaintjo.fr\/2025\/corse\/wp-content\/uploads\/2025\/05\/cropped-LOGO-CORSE-V2.png\",\"width\":616,\"height\":813,\"caption\":\"L&#039;\u00eele de beaut\u00e9 - La Corse\"},\"image\":{\"@id\":\"https:\/\/lavoixdesaintjo.fr\/2025\/corse\/#\/schema\/logo\/image\/\"}}]}<\/script>\n<!-- \/ Yoast SEO plugin. -->","yoast_head_json":{"title":"Activit\u00e9s \u00e0 faire en Corse - L&#039;\u00eele de beaut\u00e9 - La Corse","description":"Retrouvez les incontournables de la Corse \u00e0 travers ses plages, paysages, d\u00e9gustations culinaires et pleins d'autres encore.","robots":{"index":"index","follow":"follow","max-snippet":"max-snippet:-1","max-image-preview":"max-image-preview:large","max-video-preview":"max-video-preview:-1"},"canonical":"https:\/\/lavoixdesaintjo.fr\/2025\/corse\/activites-a-faire-en-corse\/","og_locale":"fr_FR","og_type":"article","og_title":"Activit\u00e9s \u00e0 faire en Corse - L&#039;\u00eele de beaut\u00e9 - La Corse","og_description":"Retrouvez les incontournables de la Corse \u00e0 travers ses plages, paysages, d\u00e9gustations culinaires et pleins d'autres encore.","og_url":"https:\/\/lavoixdesaintjo.fr\/2025\/corse\/activites-a-faire-en-corse\/","og_site_name":"L&#039;\u00eele de beaut\u00e9 - La Corse","article_modified_time":"2025-07-04T13:40:50+00:00","og_image":[{"width":1920,"height":1080,"url":"https:\/\/lavoixdesaintjo.fr\/2025\/corse\/wp-content\/uploads\/2025\/07\/3.jpg","type":"image\/jpeg"}],"twitter_card":"summary_large_image","twitter_misc":{"Dur\u00e9e de lecture estim\u00e9e":"3 minutes"},"schema":{"@context":"https:\/\/schema.org","@graph":[{"@type":"WebPage","@id":"https:\/\/lavoixdesaintjo.fr\/2025\/corse\/activites-a-faire-en-corse\/","url":"https:\/\/lavoixdesaintjo.fr\/2025\/corse\/activites-a-faire-en-corse\/","name":"Activit\u00e9s \u00e0 faire en Corse - L&#039;\u00eele de beaut\u00e9 - La Corse","isPartOf":{"@id":"https:\/\/lavoixdesaintjo.fr\/2025\/corse\/#website"},"primaryImageOfPage":{"@id":"https:\/\/lavoixdesaintjo.fr\/2025\/corse\/activites-a-faire-en-corse\/#primaryimage"},"image":{"@id":"https:\/\/lavoixdesaintjo.fr\/2025\/corse\/activites-a-faire-en-corse\/#primaryimage"},"thumbnailUrl":"https:\/\/lavoixdesaintjo.fr\/2025\/corse\/wp-content\/uploads\/2025\/07\/3.jpg","datePublished":"2025-05-12T14:21:13+00:00","dateModified":"2025-07-04T13:40:50+00:00","description":"Retrouvez les incontournables de la Corse \u00e0 travers ses plages, paysages, d\u00e9gustations culinaires et pleins d'autres encore.","breadcrumb":{"@id":"https:\/\/lavoixdesaintjo.fr\/2025\/corse\/activites-a-faire-en-corse\/#breadcrumb"},"inLanguage":"fr-FR","potentialAction":[{"@type":"ReadAction","target":["https:\/\/lavoixdesaintjo.fr\/2025\/corse\/activites-a-faire-en-corse\/"]}]},{"@type":"ImageObject","inLanguage":"fr-FR","@id":"https:\/\/lavoixdesaintjo.fr\/2025\/corse\/activites-a-faire-en-corse\/#primaryimage","url":"https:\/\/lavoixdesaintjo.fr\/2025\/corse\/wp-content\/uploads\/2025\/07\/3.jpg","contentUrl":"https:\/\/lavoixdesaintjo.fr\/2025\/corse\/wp-content\/uploads\/2025\/07\/3.jpg","width":1920,"height":1080},{"@type":"BreadcrumbList","@id":"https:\/\/lavoixdesaintjo.fr\/2025\/corse\/activites-a-faire-en-corse\/#breadcrumb","itemListElement":[{"@type":"ListItem","position":1,"name":"Accueil","item":"https:\/\/lavoixdesaintjo.fr\/2025\/corse\/"},{"@type":"ListItem","position":2,"name":"Activit\u00e9s \u00e0 faire en Corse"}]},{"@type":"WebSite","@id":"https:\/\/lavoixdesaintjo.fr\/2025\/corse\/#website","url":"https:\/\/lavoixdesaintjo.fr\/2025\/corse\/","name":"L&#039;\u00eele de beaut\u00e9 - La Corse","description":"","publisher":{"@id":"https:\/\/lavoixdesaintjo.fr\/2025\/corse\/#organization"},"potentialAction":[{"@type":"SearchAction","target":{"@type":"EntryPoint","urlTemplate":"https:\/\/lavoixdesaintjo.fr\/2025\/corse\/?s={search_term_string}"},"query-input":{"@type":"PropertyValueSpecification","valueRequired":true,"valueName":"search_term_string"}}],"inLanguage":"fr-FR"},{"@type":"Organization","@id":"https:\/\/lavoixdesaintjo.fr\/2025\/corse\/#organization","name":"L&#039;\u00eele de beaut\u00e9 - La Corse","url":"https:\/\/lavoixdesaintjo.fr\/2025\/corse\/","logo":{"@type":"ImageObject","inLanguage":"fr-FR","@id":"https:\/\/lavoixdesaintjo.fr\/2025\/corse\/#\/schema\/logo\/image\/","url":"https:\/\/lavoixdesaintjo.fr\/2025\/corse\/wp-content\/uploads\/2025\/05\/cropped-LOGO-CORSE-V2.png","contentUrl":"https:\/\/lavoixdesaintjo.fr\/2025\/corse\/wp-content\/uploads\/2025\/05\/cropped-LOGO-CORSE-V2.png","width":616,"height":813,"caption":"L&#039;\u00eele de beaut\u00e9 - La Corse"},"image":{"@id":"https:\/\/lavoixdesaintjo.fr\/2025\/corse\/#\/schema\/logo\/image\/"}}]}},"jetpack_sharing_enabled":true,"_links":{"self":[{"href":"https:\/\/lavoixdesaintjo.fr\/2025\/corse\/wp-json\/wp\/v2\/pages\/27","targetHints":{"allow":["GET"]}}],"collection":[{"href":"https:\/\/lavoixdesaintjo.fr\/2025\/corse\/wp-json\/wp\/v2\/pages"}],"about":[{"href":"https:\/\/lavoixdesaintjo.fr\/2025\/corse\/wp-json\/wp\/v2\/types\/page"}],"author":[{"embeddable":true,"href":"https:\/\/lavoixdesaintjo.fr\/2025\/corse\/wp-json\/wp\/v2\/users\/1"}],"replies":[{"embeddable":true,"href":"https:\/\/lavoixdesaintjo.fr\/2025\/corse\/wp-json\/wp\/v2\/comments?post=27"}],"version-history":[{"count":21,"href":"https:\/\/lavoixdesaintjo.fr\/2025\/corse\/wp-json\/wp\/v2\/pages\/27\/revisions"}],"predecessor-version":[{"id":908,"href":"https:\/\/lavoixdesaintjo.fr\/2025\/corse\/wp-json\/wp\/v2\/pages\/27\/revisions\/908"}],"wp:featuredmedia":[{"embeddable":true,"href":"https:\/\/lavoixdesaintjo.fr\/2025\/corse\/wp-json\/wp\/v2\/media\/873"}],"wp:attachment":[{"href":"https:\/\/lavoixdesaintjo.fr\/2025\/corse\/wp-json\/wp\/v2\/media?parent=27"}],"curies":[{"name":"wp","href":"https:\/\/api.w.org\/{rel}","templated":true}]}}