 {"id":197,"date":"2025-05-20T09:52:06","date_gmt":"2025-05-20T07:52:06","guid":{"rendered":"https:\/\/lavoixdesaintjo.fr\/2025\/lisbonne\/?page_id=197"},"modified":"2025-06-16T16:01:53","modified_gmt":"2025-06-16T14:01:53","slug":"mention-legales","status":"publish","type":"page","link":"https:\/\/lavoixdesaintjo.fr\/2025\/lisbonne\/mention-legales\/","title":{"rendered":"Mentions l\u00e9gales"},"content":{"rendered":"\n<h3 class=\"wp-block-heading\">\u00c9diteur du site<\/h3>\n\n\n\n<p><strong>Nom du site<\/strong> : Palmtrip<br><strong>Responsable de la publication<\/strong> : Mailys &amp; Enzo<br><strong>Contact<\/strong> : palmtrip@gmail.com<br><strong>Statut juridique<\/strong> : Particulier <br><\/p>\n\n\n\n<hr class=\"wp-block-separator has-alpha-channel-opacity\"\/>\n\n\n\n<h3 class=\"wp-block-heading\">H\u00e9bergement<\/h3>\n\n\n\n<p><strong>H\u00e9bergeur<\/strong> : infomaniak<br><\/p>\n\n\n\n<hr class=\"wp-block-separator has-alpha-channel-opacity\"\/>\n\n\n\n<h3 class=\"wp-block-heading\">Propri\u00e9t\u00e9 intellectuelle<\/h3>\n\n\n\n<p>L\u2019ensemble des contenus (textes, images, photos, vid\u00e9os) publi\u00e9s sur ce site sont la propri\u00e9t\u00e9 exclusive de l\u2019\u00e9diteur, sauf mention contraire. Toute reproduction, distribution ou utilisation sans autorisation est interdite.<\/p>\n\n\n\n<hr class=\"wp-block-separator has-alpha-channel-opacity\"\/>\n\n\n\n<h3 class=\"wp-block-heading\">Protection des donn\u00e9es personnelles<\/h3>\n\n\n\n<p>Ce site peut collecter des donn\u00e9es personnelles via les formulaires de contact ou d\u2019abonnement.<br>Les informations recueillies sont strictement confidentielles et ne sont jamais revendues \u00e0 des tiers.<br>Conform\u00e9ment au RGPD, vous pouvez demander la modification ou la suppression de vos donn\u00e9es en \u00e9crivant \u00e0 : palmtrip@gmail.com<\/p>\n\n\n\n<hr class=\"wp-block-separator has-alpha-channel-opacity\"\/>\n\n\n\n<h3 class=\"wp-block-heading\">Cookies<\/h3>\n\n\n\n<p>Ce site utilise des cookies \u00e0 des fins de mesure d\u2019audience et d\u2019am\u00e9lioration de l\u2019exp\u00e9rience utilisateur.<br>Vous pouvez configurer vos pr\u00e9f\u00e9rences ou refuser les cookies dans les param\u00e8tres de votre navigateur.<\/p>\n\n\n\n<hr class=\"wp-block-separator has-alpha-channel-opacity\"\/>\n\n\n\n<h3 class=\"wp-block-heading\">Limitation de responsabilit\u00e9<\/h3>\n\n\n\n<p>L\u2019\u00e9diteur ne saurait \u00eatre tenu responsable des erreurs ou omissions dans les informations publi\u00e9es ni de tout dommage li\u00e9 \u00e0 l\u2019utilisation du site.<\/p>\n\n\n\n<p><strong>-> <\/strong>Certains contenus pr\u00e9sents sur ce site, notamment des articles de blog, descriptions ou suggestions de voyage, peuvent avoir \u00e9t\u00e9 partiellement ou enti\u00e8rement r\u00e9dig\u00e9s \u00e0 l\u2019aide d\u2019un outil d\u2019intelligence artificielle (IA), dans un souci d\u2019optimisation \u00e9ditoriale et de gain de temps. Tous les textes sont relus, v\u00e9rifi\u00e9s et valid\u00e9s avant publication pour garantir leur qualit\u00e9 et leur pertinence.<\/p>\n\n\n\n<p><\/p>\n","protected":false},"excerpt":{"rendered":"<p>\u00c9diteur du site Nom du site : PalmtripResponsable de la publication : Mailys &amp; EnzoContact : palmtrip@gmail.comStatut juridique : Particulier H\u00e9bergement H\u00e9bergeur : infomaniak Propri\u00e9t\u00e9 intellectuelle L\u2019ensemble des contenus (textes, images, photos, vid\u00e9os) publi\u00e9s sur ce site sont la propri\u00e9t\u00e9 exclusive de l\u2019\u00e9diteur, sauf mention contraire. Toute reproduction, distribution ou utilisation sans autorisation est interdite. &hellip; <\/p>\n<p class=\"link-more\"><a href=\"https:\/\/lavoixdesaintjo.fr\/2025\/lisbonne\/mention-legales\/\" class=\"more-link\">Lire la suite de<span class=\"screen-reader-text\">\u00ab\u00a0Mentions l\u00e9gales\u00a0\u00bb<\/span><\/a><\/p>\n","protected":false},"author":2,"featured_media":0,"parent":0,"menu_order":0,"comment_status":"closed","ping_status":"closed","template":"","meta":{"_acf_changed":false,"footnotes":""},"class_list":["post-197","page","type-page","status-publish","hentry"],"acf":[],"_links":{"self":[{"href":"https:\/\/lavoixdesaintjo.fr\/2025\/lisbonne\/wp-json\/wp\/v2\/pages\/197","targetHints":{"allow":["GET"]}}],"collection":[{"href":"https:\/\/lavoixdesaintjo.fr\/2025\/lisbonne\/wp-json\/wp\/v2\/pages"}],"about":[{"href":"https:\/\/lavoixdesaintjo.fr\/2025\/lisbonne\/wp-json\/wp\/v2\/types\/page"}],"author":[{"embeddable":true,"href":"https:\/\/lavoixdesaintjo.fr\/2025\/lisbonne\/wp-json\/wp\/v2\/users\/2"}],"replies":[{"embeddable":true,"href":"https:\/\/lavoixdesaintjo.fr\/2025\/lisbonne\/wp-json\/wp\/v2\/comments?post=197"}],"version-history":[{"count":5,"href":"https:\/\/lavoixdesaintjo.fr\/2025\/lisbonne\/wp-json\/wp\/v2\/pages\/197\/revisions"}],"predecessor-version":[{"id":461,"href":"https:\/\/lavoixdesaintjo.fr\/2025\/lisbonne\/wp-json\/wp\/v2\/pages\/197\/revisions\/461"}],"wp:attachment":[{"href":"https:\/\/lavoixdesaintjo.fr\/2025\/lisbonne\/wp-json\/wp\/v2\/media?parent=197"}],"curies":[{"name":"wp","href":"https:\/\/api.w.org\/{rel}","templated":true}]}}