 {"id":3,"date":"2025-05-12T15:07:55","date_gmt":"2025-05-12T13:07:55","guid":{"rendered":"https:\/\/lavoixdesaintjo.fr\/2025\/lisbonne\/?page_id=3"},"modified":"2025-05-20T10:22:27","modified_gmt":"2025-05-20T08:22:27","slug":"politique-de-confidentialite","status":"publish","type":"page","link":"https:\/\/lavoixdesaintjo.fr\/2025\/lisbonne\/politique-de-confidentialite\/","title":{"rendered":"Politique de confidentialit\u00e9"},"content":{"rendered":"\n<p><\/p>\n\n\n\n<h2 class=\"wp-block-heading\">Qui sommes-nous&nbsp;?<\/h2>\n\n\n\n<p>Notre site s&rsquo;appelle\u00a0<strong>Palmtrip<\/strong>\u00a0et il s\u2019agit d\u2019un blog de voyage cr\u00e9\u00e9 pour partager nos aventures \u00e0 travers le monde, nos bons plans et nos d\u00e9couvertes locales.<br>L\u2019adresse de notre site est :\u00a0<a class=\"\" href=\"https:\/\/lavoixdesaintjo.fr\/2025\/lisbonne\">https:\/\/lavoixdesaintjo.fr\/2025\/lisbonne<\/a><\/p>\n\n\n\n<h2 class=\"wp-block-heading\">Commentaires<\/h2>\n\n\n\n<p>Quand vous laissez un commentaire sur notre site, les donn\u00e9es inscrites dans le formulaire, ainsi que votre adresse IP et l\u2019agent utilisateur de votre navigateur sont collect\u00e9s pour nous aider \u00e0 d\u00e9tecter les commentaires ind\u00e9sirables.<\/p>\n\n\n\n<p>Une cha\u00eene anonymis\u00e9e (appel\u00e9e&nbsp;<strong>hash<\/strong>) peut \u00eatre envoy\u00e9e au service Gravatar pour v\u00e9rifier si vous l\u2019utilisez. Les r\u00e8gles de confidentialit\u00e9 de Gravatar sont consultables ici :&nbsp;<a class=\"\" href=\"https:\/\/automattic.com\/privacy\/\" rel=\"nofollow noopener\" target=\"_blank\">https:\/\/automattic.com\/privacy\/<\/a><br>Apr\u00e8s validation de votre commentaire, votre photo de profil sera visible publiquement \u00e0 c\u00f4t\u00e9 de celui-ci.<\/p>\n\n\n\n<h2 class=\"wp-block-heading\">M\u00e9dias<\/h2>\n\n\n\n<p>Si vous t\u00e9l\u00e9versez des images sur le site, nous vous conseillons d\u2019\u00e9viter d\u2019inclure des donn\u00e9es EXIF contenant vos coordonn\u00e9es GPS. Les visiteurs de notre site peuvent potentiellement extraire ces donn\u00e9es \u00e0 partir des images publi\u00e9es.<\/p>\n\n\n\n<h2 class=\"wp-block-heading\">Cookies<\/h2>\n\n\n\n<p>Lorsque vous laissez un commentaire, vous pouvez choisir d\u2019enregistrer votre nom, votre adresse e-mail et votre site web dans des cookies. C\u2019est uniquement pour votre confort, afin de ne pas avoir \u00e0 ressaisir ces informations ult\u00e9rieurement. Ces cookies expirent apr\u00e8s un an.<\/p>\n\n\n\n<p>Si vous acc\u00e9dez \u00e0 la page de connexion, un cookie temporaire sera cr\u00e9\u00e9 pour v\u00e9rifier si votre navigateur accepte les cookies. Il ne contient aucune donn\u00e9e personnelle et est supprim\u00e9 \u00e0 la fermeture du navigateur.<\/p>\n\n\n\n<p>Lors de la connexion, plusieurs cookies sont mis en place pour enregistrer vos informations de connexion et vos pr\u00e9f\u00e9rences d\u2019affichage.<\/p>\n\n\n\n<ul class=\"wp-block-list\">\n<li>Cookie de connexion : 2 jours<\/li>\n\n\n\n<li>Cookie \u00ab Se souvenir de moi \u00bb : 2 semaines<\/li>\n\n\n\n<li>Cookie de pr\u00e9f\u00e9rence d\u2019\u00e9cran : 1 an<br>Si vous vous d\u00e9connectez, les cookies de connexion sont supprim\u00e9s.<\/li>\n<\/ul>\n\n\n\n<p>Lorsque vous modifiez ou publiez un article, un cookie suppl\u00e9mentaire est enregistr\u00e9. Il ne contient aucune donn\u00e9e personnelle et expire apr\u00e8s 24 heures.<\/p>\n\n\n\n<h2 class=\"wp-block-heading\">Contenu embarqu\u00e9 depuis d\u2019autres sites<\/h2>\n\n\n\n<p>Les articles de ce site peuvent inclure des contenus int\u00e9gr\u00e9s (par exemple des vid\u00e9os, images, ou articles). Ces contenus se comportent comme si le visiteur se rendait sur le site tiers directement.<\/p>\n\n\n\n<p>Ces sites peuvent collecter des donn\u00e9es sur vous, utiliser des cookies, embarquer des outils de suivi tiers, et suivre vos interactions avec ces contenus, notamment si vous avez un compte connect\u00e9 sur leur plateforme.<\/p>\n\n\n\n<h2 class=\"wp-block-heading\">Utilisation et transmission de vos donn\u00e9es personnelles<\/h2>\n\n\n\n<p>Si vous demandez une r\u00e9initialisation de votre mot de passe, votre adresse IP sera incluse dans l\u2019e-mail de r\u00e9initialisation \u00e0 titre de s\u00e9curit\u00e9.<\/p>\n\n\n\n<h2 class=\"wp-block-heading\">Dur\u00e9es de stockage de vos donn\u00e9es<\/h2>\n\n\n\n<p>Si vous laissez un commentaire, celui-ci et ses m\u00e9tadonn\u00e9es sont conserv\u00e9s ind\u00e9finiment. Cela permet de reconna\u00eetre et approuver automatiquement les commentaires suivants sans passer par la mod\u00e9ration.<\/p>\n\n\n\n<p>Pour les utilisateurs inscrits sur notre site (le cas \u00e9ch\u00e9ant), nous stockons \u00e9galement les donn\u00e9es personnelles indiqu\u00e9es dans leur profil. Tous les utilisateurs peuvent voir, modifier ou supprimer leurs informations personnelles \u00e0 tout moment (\u00e0 l\u2019exception de leur identifiant). Les administrateurs du site peuvent aussi les voir et les modifier.<\/p>\n\n\n\n<h2 class=\"wp-block-heading\">Les droits que vous avez sur vos donn\u00e9es<\/h2>\n\n\n\n<p>Si vous avez un compte ou si vous avez laiss\u00e9 des commentaires, vous pouvez demander \u00e0 recevoir un fichier contenant l\u2019ensemble des donn\u00e9es personnelles que nous d\u00e9tenons \u00e0 votre sujet, y compris celles que vous nous avez fournies. Vous pouvez aussi demander la suppression de ces donn\u00e9es. Cela ne concerne pas les donn\u00e9es conserv\u00e9es \u00e0 des fins administratives, l\u00e9gales ou de s\u00e9curit\u00e9.<\/p>\n\n\n\n<h2 class=\"wp-block-heading\">O\u00f9 vos donn\u00e9es sont envoy\u00e9es<\/h2>\n\n\n\n<p>Les commentaires des visiteurs peuvent \u00eatre v\u00e9rifi\u00e9s via un service automatis\u00e9 de d\u00e9tection de spam.<\/p>\n\n\n\n<p><\/p>\n","protected":false},"excerpt":{"rendered":"<p>Qui sommes-nous&nbsp;? Notre site s&rsquo;appelle\u00a0Palmtrip\u00a0et il s\u2019agit d\u2019un blog de voyage cr\u00e9\u00e9 pour partager nos aventures \u00e0 travers le monde, nos bons plans et nos d\u00e9couvertes locales.L\u2019adresse de notre site est :\u00a0https:\/\/lavoixdesaintjo.fr\/2025\/lisbonne Commentaires Quand vous laissez un commentaire sur notre site, les donn\u00e9es inscrites dans le formulaire, ainsi que votre adresse IP et l\u2019agent utilisateur &hellip; <\/p>\n<p class=\"link-more\"><a href=\"https:\/\/lavoixdesaintjo.fr\/2025\/lisbonne\/politique-de-confidentialite\/\" class=\"more-link\">Lire la suite de<span class=\"screen-reader-text\">\u00ab\u00a0Politique de confidentialit\u00e9\u00a0\u00bb<\/span><\/a><\/p>\n","protected":false},"author":1,"featured_media":0,"parent":0,"menu_order":0,"comment_status":"closed","ping_status":"open","template":"","meta":{"_acf_changed":false,"footnotes":""},"class_list":["post-3","page","type-page","status-publish","hentry"],"acf":[],"_links":{"self":[{"href":"https:\/\/lavoixdesaintjo.fr\/2025\/lisbonne\/wp-json\/wp\/v2\/pages\/3","targetHints":{"allow":["GET"]}}],"collection":[{"href":"https:\/\/lavoixdesaintjo.fr\/2025\/lisbonne\/wp-json\/wp\/v2\/pages"}],"about":[{"href":"https:\/\/lavoixdesaintjo.fr\/2025\/lisbonne\/wp-json\/wp\/v2\/types\/page"}],"author":[{"embeddable":true,"href":"https:\/\/lavoixdesaintjo.fr\/2025\/lisbonne\/wp-json\/wp\/v2\/users\/1"}],"replies":[{"embeddable":true,"href":"https:\/\/lavoixdesaintjo.fr\/2025\/lisbonne\/wp-json\/wp\/v2\/comments?post=3"}],"version-history":[{"count":3,"href":"https:\/\/lavoixdesaintjo.fr\/2025\/lisbonne\/wp-json\/wp\/v2\/pages\/3\/revisions"}],"predecessor-version":[{"id":213,"href":"https:\/\/lavoixdesaintjo.fr\/2025\/lisbonne\/wp-json\/wp\/v2\/pages\/3\/revisions\/213"}],"wp:attachment":[{"href":"https:\/\/lavoixdesaintjo.fr\/2025\/lisbonne\/wp-json\/wp\/v2\/media?parent=3"}],"curies":[{"name":"wp","href":"https:\/\/api.w.org\/{rel}","templated":true}]}}