 {"id":70,"date":"2025-05-20T09:52:54","date_gmt":"2025-05-20T07:52:54","guid":{"rendered":"https:\/\/lavoixdesaintjo.fr\/2025\/lisbonne\/?page_id=70"},"modified":"2025-05-20T14:42:04","modified_gmt":"2025-05-20T12:42:04","slug":"a-propos","status":"publish","type":"page","link":"https:\/\/lavoixdesaintjo.fr\/2025\/lisbonne\/a-propos\/","title":{"rendered":"A propos"},"content":{"rendered":"\n<h2 class=\"wp-block-heading\">\u00c0\u00a0propos\u00a0de\u00a0Palmtrip<\/h2>\n\n\n\n<h3 class=\"wp-block-heading\">Bienvenue&nbsp;sur&nbsp;Palmtrip,&nbsp;notre&nbsp;carnet&nbsp;de&nbsp;voyage&nbsp;en&nbsp;ligne !<\/h3>\n\n\n\n<p>\ud83d\udccc&nbsp;Passionn\u00e9s&nbsp;par&nbsp;les&nbsp;d\u00e9couvertes,&nbsp;la&nbsp;culture&nbsp;et&nbsp;les&nbsp;paysages&nbsp;du&nbsp;monde,&nbsp;nous&nbsp;avons&nbsp;cr\u00e9\u00e9&nbsp;ce&nbsp;blog&nbsp;pour&nbsp;partager&nbsp;nos&nbsp;<strong>aventures<\/strong>,&nbsp;<strong>bonnes&nbsp;adresses<\/strong>&nbsp;et&nbsp;<strong>bons&nbsp;plans<\/strong>&nbsp;avec&nbsp;vous.<\/p>\n\n\n\n<hr class=\"wp-block-separator has-alpha-channel-opacity\"\/>\n\n\n\n<h3 class=\"wp-block-heading\">\ud83c\udfaf&nbsp;Notre&nbsp;objectif<\/h3>\n\n\n\n<blockquote class=\"wp-block-quote is-layout-flow wp-block-quote-is-layout-flow\">\n<p>Vous&nbsp;<strong>inspirer<\/strong>,&nbsp;vous&nbsp;<strong>guider<\/strong>&nbsp;et&nbsp;vous&nbsp;<strong>aider<\/strong>&nbsp;\u00e0&nbsp;pr\u00e9parer&nbsp;vos&nbsp;futurs&nbsp;voyages \u2013&nbsp;que&nbsp;ce&nbsp;soit&nbsp;un&nbsp;<strong>city&nbsp;trip&nbsp;\u00e0&nbsp;Lisbonne<\/strong>,&nbsp;un&nbsp;<strong>road&nbsp;trip&nbsp;au&nbsp;Portugal<\/strong>,&nbsp;ou&nbsp;une&nbsp;<strong>escapade&nbsp;ailleurs<\/strong>.<\/p>\n<\/blockquote>\n\n\n\n<hr class=\"wp-block-separator has-alpha-channel-opacity\"\/>\n\n\n\n<h3 class=\"wp-block-heading\">\ud83c\udf34&nbsp;Pourquoi&nbsp;Palmtrip ?<\/h3>\n\n\n\n<p><strong>Palmtrip<\/strong>,&nbsp;c\u2019est&nbsp;l\u2019envie&nbsp;d\u2019<strong>\u00e9vasion<\/strong>,&nbsp;de&nbsp;<strong>soleil<\/strong>&nbsp;et&nbsp;de&nbsp;<strong>libert\u00e9<\/strong>.<br>Chaque&nbsp;destination&nbsp;est&nbsp;pour&nbsp;nous&nbsp;l\u2019occasion&nbsp;de&nbsp;vivre&nbsp;des&nbsp;<strong>exp\u00e9riences&nbsp;uniques<\/strong>&nbsp;et&nbsp;de&nbsp;vous&nbsp;les&nbsp;transmettre&nbsp;avec&nbsp;<strong>authenticit\u00e9<\/strong>.<\/p>\n\n\n\n<hr class=\"wp-block-separator has-alpha-channel-opacity\"\/>\n\n\n\n<h3 class=\"wp-block-heading\">\ud83e\udded&nbsp;Sur&nbsp;ce&nbsp;blog,&nbsp;vous&nbsp;trouverez :<\/h3>\n\n\n\n<p>\u2705&nbsp;Des&nbsp;<strong>guides&nbsp;pratiques<\/strong>&nbsp;(h\u00e9bergements,&nbsp;transports,&nbsp;itin\u00e9raires)<br>\u2705&nbsp;Des&nbsp;<strong>bons&nbsp;plans<\/strong>&nbsp;pour&nbsp;voyager&nbsp;malin<br>\u2705&nbsp;Des&nbsp;<strong>id\u00e9es&nbsp;d\u2019activit\u00e9s&nbsp;incontournables<\/strong><br>\u2705&nbsp;Des&nbsp;<strong>photos&nbsp;et&nbsp;r\u00e9cits&nbsp;de&nbsp;voyage<\/strong>&nbsp;pour&nbsp;vous&nbsp;faire&nbsp;voyager&nbsp;depuis&nbsp;chez&nbsp;vous<\/p>\n\n\n\n<div class=\"wp-block-buttons is-content-justification-center is-layout-flex wp-container-core-buttons-is-layout-a89b3969 wp-block-buttons-is-layout-flex\">\n<div class=\"wp-block-button\"><a class=\"wp-block-button__link wp-element-button\" href=\"https:\/\/lavoixdesaintjo.fr\/2025\/lisbonne\/category\/incontournables\/\" style=\"border-radius:31px;padding-top:10px;padding-bottom:10px\">Voir plus d&rsquo;articles<\/a><\/div>\n<\/div>\n\n\n\n<hr class=\"wp-block-separator has-alpha-channel-opacity\"\/>\n\n\n\n<h3 class=\"wp-block-heading\">\ud83d\udc9b&nbsp;Ce&nbsp;que&nbsp;nous&nbsp;aimons<\/h3>\n\n\n\n<p>Nous&nbsp;aimons&nbsp;<strong>sortir&nbsp;des&nbsp;sentiers&nbsp;battus<\/strong>,&nbsp;<strong>rencontrer&nbsp;les&nbsp;locaux<\/strong>,&nbsp;<strong>go\u00fbter&nbsp;les&nbsp;sp\u00e9cialit\u00e9s<\/strong>,&nbsp;<strong>visiter&nbsp;les&nbsp;quartiers&nbsp;embl\u00e9matiques<\/strong>&nbsp;et&nbsp;<strong>d\u00e9couvrir&nbsp;l\u2019\u00e2me&nbsp;d\u2019une&nbsp;ville<\/strong>.<\/p>\n\n\n\n<p>\ud83c\udf89&nbsp;<strong>Lisbonne<\/strong>,&nbsp;notre&nbsp;coup&nbsp;de&nbsp;c\u0153ur&nbsp;en&nbsp;<strong>2025<\/strong>,&nbsp;incarne&nbsp;parfaitement&nbsp;cet&nbsp;esprit !<\/p>\n\n\n\n<hr class=\"wp-block-separator has-alpha-channel-opacity\"\/>\n\n\n\n<h3 class=\"wp-block-heading\">\u2709\ufe0f&nbsp;Envie&nbsp;d\u2019\u00e9changer&nbsp;avec&nbsp;nous ?<\/h3>\n\n\n\n<p>\ud83d\udcec&nbsp;Vous&nbsp;pouvez&nbsp;nous&nbsp;\u00e9crire&nbsp;via&nbsp;notre&nbsp;<strong>formulaire&nbsp;de&nbsp;contact<\/strong>,&nbsp;ou&nbsp;nous&nbsp;retrouver&nbsp;sur&nbsp;les&nbsp;<strong>r\u00e9seaux&nbsp;sociaux<\/strong>.<\/p>\n\n\n\n<p>On&nbsp;adore&nbsp;discuter&nbsp;<strong>voyage<\/strong>,&nbsp;pr\u00e9parer&nbsp;les&nbsp;<strong>prochains&nbsp;d\u00e9parts<\/strong>\u2026&nbsp;ou&nbsp;simplement&nbsp;partager&nbsp;nos&nbsp;<strong>coups&nbsp;de&nbsp;c\u0153ur<\/strong>&nbsp;!<\/p>\n\n\n\n<figure class=\"wp-block-gallery has-nested-images columns-default is-cropped wp-block-gallery-1 is-layout-flex wp-block-gallery-is-layout-flex\">\n<figure class=\"wp-block-image size-full\"><img fetchpriority=\"high\" decoding=\"async\" width=\"2560\" height=\"1929\" data-id=\"262\" src=\"https:\/\/lavoixdesaintjo.fr\/2025\/lisbonne\/wp-content\/uploads\/2025\/05\/pexels-nextvoyage-3763903-scaled.jpg\" alt=\"\" class=\"wp-image-262\" srcset=\"https:\/\/lavoixdesaintjo.fr\/2025\/lisbonne\/wp-content\/uploads\/2025\/05\/pexels-nextvoyage-3763903-scaled.jpg 2560w, https:\/\/lavoixdesaintjo.fr\/2025\/lisbonne\/wp-content\/uploads\/2025\/05\/pexels-nextvoyage-3763903-300x226.jpg 300w, https:\/\/lavoixdesaintjo.fr\/2025\/lisbonne\/wp-content\/uploads\/2025\/05\/pexels-nextvoyage-3763903-1024x772.jpg 1024w, https:\/\/lavoixdesaintjo.fr\/2025\/lisbonne\/wp-content\/uploads\/2025\/05\/pexels-nextvoyage-3763903-2000x1507.jpg 2000w\" sizes=\"(max-width: 2560px) 100vw, 2560px\" \/><\/figure>\n\n\n\n<figure class=\"wp-block-image size-full\"><img decoding=\"async\" width=\"1707\" height=\"2560\" data-id=\"263\" src=\"https:\/\/lavoixdesaintjo.fr\/2025\/lisbonne\/wp-content\/uploads\/2025\/05\/pexels-hikaique-1563238-scaled.jpg\" alt=\"\" class=\"wp-image-263\" srcset=\"https:\/\/lavoixdesaintjo.fr\/2025\/lisbonne\/wp-content\/uploads\/2025\/05\/pexels-hikaique-1563238-scaled.jpg 1707w, https:\/\/lavoixdesaintjo.fr\/2025\/lisbonne\/wp-content\/uploads\/2025\/05\/pexels-hikaique-1563238-200x300.jpg 200w, https:\/\/lavoixdesaintjo.fr\/2025\/lisbonne\/wp-content\/uploads\/2025\/05\/pexels-hikaique-1563238-683x1024.jpg 683w, https:\/\/lavoixdesaintjo.fr\/2025\/lisbonne\/wp-content\/uploads\/2025\/05\/pexels-hikaique-1563238-2000x3000.jpg 2000w\" sizes=\"(max-width: 1707px) 100vw, 1707px\" \/><\/figure>\n\n\n\n<figure class=\"wp-block-image size-full\"><img decoding=\"async\" width=\"1707\" height=\"2560\" data-id=\"260\" src=\"https:\/\/lavoixdesaintjo.fr\/2025\/lisbonne\/wp-content\/uploads\/2025\/05\/pexels-userpascal-32109908-scaled.jpg\" alt=\"\" class=\"wp-image-260\" srcset=\"https:\/\/lavoixdesaintjo.fr\/2025\/lisbonne\/wp-content\/uploads\/2025\/05\/pexels-userpascal-32109908-scaled.jpg 1707w, https:\/\/lavoixdesaintjo.fr\/2025\/lisbonne\/wp-content\/uploads\/2025\/05\/pexels-userpascal-32109908-200x300.jpg 200w, https:\/\/lavoixdesaintjo.fr\/2025\/lisbonne\/wp-content\/uploads\/2025\/05\/pexels-userpascal-32109908-683x1024.jpg 683w\" sizes=\"(max-width: 1707px) 100vw, 1707px\" \/><\/figure>\n<\/figure>\n\n\n\n<p>  <\/p>\n","protected":false},"excerpt":{"rendered":"<p>\u00c0\u00a0propos\u00a0de\u00a0Palmtrip Bienvenue&nbsp;sur&nbsp;Palmtrip,&nbsp;notre&nbsp;carnet&nbsp;de&nbsp;voyage&nbsp;en&nbsp;ligne ! \ud83d\udccc&nbsp;Passionn\u00e9s&nbsp;par&nbsp;les&nbsp;d\u00e9couvertes,&nbsp;la&nbsp;culture&nbsp;et&nbsp;les&nbsp;paysages&nbsp;du&nbsp;monde,&nbsp;nous&nbsp;avons&nbsp;cr\u00e9\u00e9&nbsp;ce&nbsp;blog&nbsp;pour&nbsp;partager&nbsp;nos&nbsp;aventures,&nbsp;bonnes&nbsp;adresses&nbsp;et&nbsp;bons&nbsp;plans&nbsp;avec&nbsp;vous. \ud83c\udfaf&nbsp;Notre&nbsp;objectif Vous&nbsp;inspirer,&nbsp;vous&nbsp;guider&nbsp;et&nbsp;vous&nbsp;aider&nbsp;\u00e0&nbsp;pr\u00e9parer&nbsp;vos&nbsp;futurs&nbsp;voyages \u2013&nbsp;que&nbsp;ce&nbsp;soit&nbsp;un&nbsp;city&nbsp;trip&nbsp;\u00e0&nbsp;Lisbonne,&nbsp;un&nbsp;road&nbsp;trip&nbsp;au&nbsp;Portugal,&nbsp;ou&nbsp;une&nbsp;escapade&nbsp;ailleurs. \ud83c\udf34&nbsp;Pourquoi&nbsp;Palmtrip ? Palmtrip,&nbsp;c\u2019est&nbsp;l\u2019envie&nbsp;d\u2019\u00e9vasion,&nbsp;de&nbsp;soleil&nbsp;et&nbsp;de&nbsp;libert\u00e9.Chaque&nbsp;destination&nbsp;est&nbsp;pour&nbsp;nous&nbsp;l\u2019occasion&nbsp;de&nbsp;vivre&nbsp;des&nbsp;exp\u00e9riences&nbsp;uniques&nbsp;et&nbsp;de&nbsp;vous&nbsp;les&nbsp;transmettre&nbsp;avec&nbsp;authenticit\u00e9. \ud83e\udded&nbsp;Sur&nbsp;ce&nbsp;blog,&nbsp;vous&nbsp;trouverez : \u2705&nbsp;Des&nbsp;guides&nbsp;pratiques&nbsp;(h\u00e9bergements,&nbsp;transports,&nbsp;itin\u00e9raires)\u2705&nbsp;Des&nbsp;bons&nbsp;plans&nbsp;pour&nbsp;voyager&nbsp;malin\u2705&nbsp;Des&nbsp;id\u00e9es&nbsp;d\u2019activit\u00e9s&nbsp;incontournables\u2705&nbsp;Des&nbsp;photos&nbsp;et&nbsp;r\u00e9cits&nbsp;de&nbsp;voyage&nbsp;pour&nbsp;vous&nbsp;faire&nbsp;voyager&nbsp;depuis&nbsp;chez&nbsp;vous \ud83d\udc9b&nbsp;Ce&nbsp;que&nbsp;nous&nbsp;aimons Nous&nbsp;aimons&nbsp;sortir&nbsp;des&nbsp;sentiers&nbsp;battus,&nbsp;rencontrer&nbsp;les&nbsp;locaux,&nbsp;go\u00fbter&nbsp;les&nbsp;sp\u00e9cialit\u00e9s,&nbsp;visiter&nbsp;les&nbsp;quartiers&nbsp;embl\u00e9matiques&nbsp;et&nbsp;d\u00e9couvrir&nbsp;l\u2019\u00e2me&nbsp;d\u2019une&nbsp;ville. \ud83c\udf89&nbsp;Lisbonne,&nbsp;notre&nbsp;coup&nbsp;de&nbsp;c\u0153ur&nbsp;en&nbsp;2025,&nbsp;incarne&nbsp;parfaitement&nbsp;cet&nbsp;esprit ! \u2709\ufe0f&nbsp;Envie&nbsp;d\u2019\u00e9changer&nbsp;avec&nbsp;nous ? \ud83d\udcec&nbsp;Vous&nbsp;pouvez&nbsp;nous&nbsp;\u00e9crire&nbsp;via&nbsp;notre&nbsp;formulaire&nbsp;de&nbsp;contact,&nbsp;ou&nbsp;nous&nbsp;retrouver&nbsp;sur&nbsp;les&nbsp;r\u00e9seaux&nbsp;sociaux. On&nbsp;adore&nbsp;discuter&nbsp;voyage,&nbsp;pr\u00e9parer&nbsp;les&nbsp;prochains&nbsp;d\u00e9parts\u2026&nbsp;ou&nbsp;simplement&nbsp;partager&nbsp;nos&nbsp;coups&nbsp;de&nbsp;c\u0153ur&nbsp;!<\/p>\n","protected":false},"author":1,"featured_media":0,"parent":0,"menu_order":0,"comment_status":"closed","ping_status":"closed","template":"","meta":{"_acf_changed":false,"footnotes":""},"class_list":["post-70","page","type-page","status-publish","hentry"],"acf":[],"_links":{"self":[{"href":"https:\/\/lavoixdesaintjo.fr\/2025\/lisbonne\/wp-json\/wp\/v2\/pages\/70","targetHints":{"allow":["GET"]}}],"collection":[{"href":"https:\/\/lavoixdesaintjo.fr\/2025\/lisbonne\/wp-json\/wp\/v2\/pages"}],"about":[{"href":"https:\/\/lavoixdesaintjo.fr\/2025\/lisbonne\/wp-json\/wp\/v2\/types\/page"}],"author":[{"embeddable":true,"href":"https:\/\/lavoixdesaintjo.fr\/2025\/lisbonne\/wp-json\/wp\/v2\/users\/1"}],"replies":[{"embeddable":true,"href":"https:\/\/lavoixdesaintjo.fr\/2025\/lisbonne\/wp-json\/wp\/v2\/comments?post=70"}],"version-history":[{"count":8,"href":"https:\/\/lavoixdesaintjo.fr\/2025\/lisbonne\/wp-json\/wp\/v2\/pages\/70\/revisions"}],"predecessor-version":[{"id":468,"href":"https:\/\/lavoixdesaintjo.fr\/2025\/lisbonne\/wp-json\/wp\/v2\/pages\/70\/revisions\/468"}],"wp:attachment":[{"href":"https:\/\/lavoixdesaintjo.fr\/2025\/lisbonne\/wp-json\/wp\/v2\/media?parent=70"}],"curies":[{"name":"wp","href":"https:\/\/api.w.org\/{rel}","templated":true}]}}