{"id":30,"date":"2025-05-12T16:14:21","date_gmt":"2025-05-12T14:14:21","guid":{"rendered":"https:\/\/lavoixdesaintjo.fr\/2025\/tokyo-japon\/?page_id=30"},"modified":"2025-06-16T16:34:50","modified_gmt":"2025-06-16T14:34:50","slug":"mentions-legales","status":"publish","type":"page","link":"https:\/\/lavoixdesaintjo.fr\/2025\/tokyo-japon\/mentions-legales\/","title":{"rendered":"Mentions L\u00e9gales"},"content":{"rendered":"\n<div class=\"wp-block-group alignfull has-global-padding is-layout-constrained wp-block-group-is-layout-constrained\" style=\"margin-top:0;margin-bottom:0\">\n<h2 class=\"wp-block-heading has-text-align-center\">Editeur du site <\/h2>\n\n\n\n<ul class=\"wp-block-list\">\n<li><strong>Nom du <\/strong>site : Voyage \u00e0 Tokyo<\/li>\n<\/ul>\n\n\n\n<ul class=\"wp-block-list\">\n<li><strong>URL<\/strong> : <a href=\"https:\/\/lavoixdesaintjo.fr\/2025\/tokyo-japon\/\">https:\/\/lavoixdesaintjo.fr\/2025\/tokyo-japon\/<\/a><\/li>\n<\/ul>\n\n\n\n<ul class=\"wp-block-list\">\n<li><strong>Responsable de la publication<\/strong> : Yanis SOULIE &amp; Killian GRAS<\/li>\n<\/ul>\n\n\n\n<ul class=\"wp-block-list\">\n<li><strong>Statut<\/strong> : Blog personnel \u00e0 but non lucratif<\/li>\n<\/ul>\n\n\n\n<ul class=\"wp-block-list\">\n<li><strong>Adresse e-mail de contact<\/strong> : isjm.sup@gmail.com<\/li>\n<\/ul>\n\n\n\n<hr class=\"wp-block-separator has-alpha-channel-opacity\"\/>\n\n\n\n<h2 class=\"wp-block-heading has-text-align-center\">Propri\u00e9t\u00e9 intellectuelle <\/h2>\n\n\n\n<p>Tous les contenus de ce site, qu\u2019il s\u2019agisse de textes, d\u2019illustrations, de photos, d\u2019infographies ou de vid\u00e9os, sont la propri\u00e9t\u00e9 exclusive des auteurs, sauf indication contraire. Ils sont prot\u00e9g\u00e9s par le Code de la propri\u00e9t\u00e9 intellectuelle. Certains textes on \u00e9tait r\u00e9alis\u00e9 par l&rsquo;IA g\u00e9n\u00e9rative.<\/p>\n\n\n\n<p><strong>Toute reproduction, adaptation ou diffusion sans autorisation est strictement interdite.<\/strong><br>Pour toute demande d\u2019utilisation, merci de passer par la page <a class=\"\" href=\"https:\/\/lavoixdesaintjo.fr\/2025\/tokyo-japon\/contact\/\">Contact<\/a>.<\/p>\n\n\n\n<hr class=\"wp-block-separator has-alpha-channel-opacity\"\/>\n\n\n\n<h2 class=\"wp-block-heading has-text-align-center\">Politique de confidentialit\u00e9 et protection des donn\u00e9es (RGPD)<\/h2>\n\n\n\n<p class=\"has-text-align-center\">Conform\u00e9ment au R\u00e8glement G\u00e9n\u00e9ral sur la Protection des Donn\u00e9es (RGPD), nous veillons \u00e0 prot\u00e9ger les donn\u00e9es personnelles collect\u00e9es sur le site.<\/p>\n\n\n\n<h3 class=\"wp-block-heading\">Collecte des donn\u00e9es<\/h3>\n\n\n\n<p>Ce site ne collecte des donn\u00e9es personnelles que dans les cas suivants :<\/p>\n\n\n\n<ul class=\"wp-block-list\">\n<li>Lorsque vous remplissez un formulaire de contact<\/li>\n\n\n\n<li>Lorsque vous laissez un commentaire<\/li>\n<\/ul>\n\n\n\n<p>Ces donn\u00e9es sont :<\/p>\n\n\n\n<ul class=\"wp-block-list\">\n<li>Pr\u00e9nom (facultatif)<\/li>\n\n\n\n<li>Adresse e-mail<\/li>\n\n\n\n<li>Adresse IP (pour les commentaires)<\/li>\n<\/ul>\n\n\n\n<p>Aucune donn\u00e9e n\u2019est c\u00e9d\u00e9e ou revendue.<\/p>\n\n\n\n<h3 class=\"wp-block-heading\">Finalit\u00e9 du traitement<\/h3>\n\n\n\n<p>Les donn\u00e9es collect\u00e9es sont utilis\u00e9es uniquement pour :<\/p>\n\n\n\n<ul class=\"wp-block-list\">\n<li>R\u00e9pondre \u00e0 vos messages<\/li>\n\n\n\n<li>Am\u00e9liorer l\u2019exp\u00e9rience utilisateur<\/li>\n\n\n\n<li>Mod\u00e9rer les commentaires<\/li>\n<\/ul>\n\n\n\n<h3 class=\"wp-block-heading\">Conservation des donn\u00e9es<\/h3>\n\n\n\n<p>Les donn\u00e9es sont conserv\u00e9es pendant une dur\u00e9e maximale de 3 ans, sauf demande contraire de votre part.<\/p>\n\n\n\n<h3 class=\"wp-block-heading\">Vos droits<\/h3>\n\n\n\n<p>Conform\u00e9ment au RGPD, vous disposez des droits suivants :<\/p>\n\n\n\n<ul class=\"wp-block-list\">\n<li>Droit d\u2019acc\u00e8s<\/li>\n\n\n\n<li>Droit de rectification<\/li>\n\n\n\n<li>Droit \u00e0 l\u2019effacement<\/li>\n\n\n\n<li>Droit \u00e0 la limitation<\/li>\n\n\n\n<li>Droit d\u2019opposition<\/li>\n<\/ul>\n\n\n\n<hr class=\"wp-block-separator has-alpha-channel-opacity\"\/>\n\n\n\n<h2 class=\"wp-block-heading has-text-align-center\">Gestion des cookies <\/h2>\n\n\n\n<p>Ce site utilise des cookies \u00e0 des fins statistiques (Google Analytics ou \u00e9quivalent) et pour am\u00e9liorer votre exp\u00e9rience de navigation.<\/p>\n\n\n\n<p>\u00c0 votre premi\u00e8re visite, un bandeau de consentement vous informe de leur utilisation. Vous pouvez accepter ou refuser ces cookies \u00e0 tout moment depuis les param\u00e8tres de votre navigateur.<\/p>\n\n\n\n<hr class=\"wp-block-separator has-alpha-channel-opacity\"\/>\n\n\n\n<h2 class=\"wp-block-heading has-text-align-center\">Liens externes<\/h2>\n\n\n\n<p>Ce site peut proposer des liens vers des sites tiers. Leur contenu et politique de confidentialit\u00e9 ne sont pas de notre responsabilit\u00e9.<\/p>\n\n\n\n<hr class=\"wp-block-separator has-alpha-channel-opacity\"\/>\n<\/div>\n\n\n\n<div class=\"wp-block-group alignwide is-layout-flow wp-block-group-is-layout-flow\">\n<p class=\"has-text-align-center is-style-text-display\" style=\"font-style:normal;font-weight:400\">Vous avez des questions&nbsp;? <br>Pour toute question relative aux mentions l\u00e9gales.<br><a href=\"https:\/\/lavoixdesaintjo.fr\/2025\/tokyo-japon\/contact\/\">N\u2019h\u00e9sitez pas \u00e0 nous contacter.<\/a><\/p>\n\n\n\n<ul class=\"wp-block-social-links has-icon-color is-style-logos-only is-content-justification-center is-layout-flex wp-container-core-social-links-is-layout-a89b3969 wp-block-social-links-is-layout-flex\"><li class=\"wp-social-link wp-social-link-facebook has-contrast-color wp-block-social-link\"><a href=\"\" class=\"wp-block-social-link-anchor\"><svg width=\"24\" height=\"24\" viewBox=\"0 0 24 24\" version=\"1.1\" xmlns=\"http:\/\/www.w3.org\/2000\/svg\" aria-hidden=\"true\" focusable=\"false\"><path d=\"M12 2C6.5 2 2 6.5 2 12c0 5 3.7 9.1 8.4 9.9v-7H7.9V12h2.5V9.8c0-2.5 1.5-3.9 3.8-3.9 1.1 0 2.2.2 2.2.2v2.5h-1.3c-1.2 0-1.6.8-1.6 1.6V12h2.8l-.4 2.9h-2.3v7C18.3 21.1 22 17 22 12c0-5.5-4.5-10-10-10z\"><\/path><\/svg><span class=\"wp-block-social-link-label screen-reader-text\">Facebook<\/span><\/a><\/li>\n\n<li class=\"wp-social-link wp-social-link-instagram has-contrast-color wp-block-social-link\"><a href=\"\" class=\"wp-block-social-link-anchor\"><svg width=\"24\" height=\"24\" viewBox=\"0 0 24 24\" version=\"1.1\" xmlns=\"http:\/\/www.w3.org\/2000\/svg\" aria-hidden=\"true\" focusable=\"false\"><path d=\"M12,4.622c2.403,0,2.688,0.009,3.637,0.052c0.877,0.04,1.354,0.187,1.671,0.31c0.42,0.163,0.72,0.358,1.035,0.673 c0.315,0.315,0.51,0.615,0.673,1.035c0.123,0.317,0.27,0.794,0.31,1.671c0.043,0.949,0.052,1.234,0.052,3.637 s-0.009,2.688-0.052,3.637c-0.04,0.877-0.187,1.354-0.31,1.671c-0.163,0.42-0.358,0.72-0.673,1.035 c-0.315,0.315-0.615,0.51-1.035,0.673c-0.317,0.123-0.794,0.27-1.671,0.31c-0.949,0.043-1.233,0.052-3.637,0.052 s-2.688-0.009-3.637-0.052c-0.877-0.04-1.354-0.187-1.671-0.31c-0.42-0.163-0.72-0.358-1.035-0.673 c-0.315-0.315-0.51-0.615-0.673-1.035c-0.123-0.317-0.27-0.794-0.31-1.671C4.631,14.688,4.622,14.403,4.622,12 s0.009-2.688,0.052-3.637c0.04-0.877,0.187-1.354,0.31-1.671c0.163-0.42,0.358-0.72,0.673-1.035 c0.315-0.315,0.615-0.51,1.035-0.673c0.317-0.123,0.794-0.27,1.671-0.31C9.312,4.631,9.597,4.622,12,4.622 M12,3 C9.556,3,9.249,3.01,8.289,3.054C7.331,3.098,6.677,3.25,6.105,3.472C5.513,3.702,5.011,4.01,4.511,4.511 c-0.5,0.5-0.808,1.002-1.038,1.594C3.25,6.677,3.098,7.331,3.054,8.289C3.01,9.249,3,9.556,3,12c0,2.444,0.01,2.751,0.054,3.711 c0.044,0.958,0.196,1.612,0.418,2.185c0.23,0.592,0.538,1.094,1.038,1.594c0.5,0.5,1.002,0.808,1.594,1.038 c0.572,0.222,1.227,0.375,2.185,0.418C9.249,20.99,9.556,21,12,21s2.751-0.01,3.711-0.054c0.958-0.044,1.612-0.196,2.185-0.418 c0.592-0.23,1.094-0.538,1.594-1.038c0.5-0.5,0.808-1.002,1.038-1.594c0.222-0.572,0.375-1.227,0.418-2.185 C20.99,14.751,21,14.444,21,12s-0.01-2.751-0.054-3.711c-0.044-0.958-0.196-1.612-0.418-2.185c-0.23-0.592-0.538-1.094-1.038-1.594 c-0.5-0.5-1.002-0.808-1.594-1.038c-0.572-0.222-1.227-0.375-2.185-0.418C14.751,3.01,14.444,3,12,3L12,3z M12,7.378 c-2.552,0-4.622,2.069-4.622,4.622S9.448,16.622,12,16.622s4.622-2.069,4.622-4.622S14.552,7.378,12,7.378z M12,15 c-1.657,0-3-1.343-3-3s1.343-3,3-3s3,1.343,3,3S13.657,15,12,15z M16.804,6.116c-0.596,0-1.08,0.484-1.08,1.08 s0.484,1.08,1.08,1.08c0.596,0,1.08-0.484,1.08-1.08S17.401,6.116,16.804,6.116z\"><\/path><\/svg><span class=\"wp-block-social-link-label screen-reader-text\">Instagram<\/span><\/a><\/li>\n\n<li class=\"wp-social-link wp-social-link-google has-contrast-color wp-block-social-link\"><a href=\"https:\/\/www.isjm.fr\/\" class=\"wp-block-social-link-anchor\"><svg width=\"24\" height=\"24\" viewBox=\"0 0 24 24\" version=\"1.1\" xmlns=\"http:\/\/www.w3.org\/2000\/svg\" aria-hidden=\"true\" focusable=\"false\"><path d=\"M12.02,10.18v3.72v0.01h5.51c-0.26,1.57-1.67,4.22-5.5,4.22c-3.31,0-6.01-2.75-6.01-6.12s2.7-6.12,6.01-6.12 c1.87,0,3.13,0.8,3.85,1.48l2.84-2.76C16.99,2.99,14.73,2,12.03,2c-5.52,0-10,4.48-10,10s4.48,10,10,10c5.77,0,9.6-4.06,9.6-9.77 c0-0.83-0.11-1.42-0.25-2.05H12.02z\"><\/path><\/svg><span class=\"wp-block-social-link-label screen-reader-text\">Google<\/span><\/a><\/li>\n\n<li class=\"wp-social-link wp-social-link-linkedin has-contrast-color wp-block-social-link\"><a href=\"https:\/\/www.linkedin.com\/school\/institution-saint-joseph-du-moncel\/?originalSubdomain=fr\" class=\"wp-block-social-link-anchor\"><svg width=\"24\" height=\"24\" viewBox=\"0 0 24 24\" version=\"1.1\" xmlns=\"http:\/\/www.w3.org\/2000\/svg\" aria-hidden=\"true\" focusable=\"false\"><path d=\"M19.7,3H4.3C3.582,3,3,3.582,3,4.3v15.4C3,20.418,3.582,21,4.3,21h15.4c0.718,0,1.3-0.582,1.3-1.3V4.3 C21,3.582,20.418,3,19.7,3z M8.339,18.338H5.667v-8.59h2.672V18.338z M7.004,8.574c-0.857,0-1.549-0.694-1.549-1.548 c0-0.855,0.691-1.548,1.549-1.548c0.854,0,1.547,0.694,1.547,1.548C8.551,7.881,7.858,8.574,7.004,8.574z M18.339,18.338h-2.669 v-4.177c0-0.996-0.017-2.278-1.387-2.278c-1.389,0-1.601,1.086-1.601,2.206v4.249h-2.667v-8.59h2.559v1.174h0.037 c0.356-0.675,1.227-1.387,2.526-1.387c2.703,0,3.203,1.779,3.203,4.092V18.338z\"><\/path><\/svg><span class=\"wp-block-social-link-label screen-reader-text\">LinkedIn<\/span><\/a><\/li><\/ul>\n<\/div>\n\n\n\n<p><\/p>\n","protected":false},"excerpt":{"rendered":"<p>Editeur du site Propri\u00e9t\u00e9 intellectuelle Tous les contenus de ce site, qu\u2019il s\u2019agisse de textes, d\u2019illustrations, de photos, d\u2019infographies ou de vid\u00e9os, sont la propri\u00e9t\u00e9 exclusive des auteurs, sauf indication contraire. Ils sont prot\u00e9g\u00e9s par le Code de la propri\u00e9t\u00e9 intellectuelle. Certains textes on \u00e9tait r\u00e9alis\u00e9 par l&rsquo;IA g\u00e9n\u00e9rative. Toute reproduction, adaptation ou diffusion sans &hellip; <\/p>\n<p class=\"link-more\"><a href=\"https:\/\/lavoixdesaintjo.fr\/2025\/tokyo-japon\/mentions-legales\/\" class=\"more-link\">Lire la suite de<span class=\"screen-reader-text\">\u00ab\u00a0Mentions L\u00e9gales\u00a0\u00bb<\/span><\/a><\/p>\n","protected":false},"author":1,"featured_media":0,"parent":0,"menu_order":0,"comment_status":"closed","ping_status":"closed","template":"","meta":{"_acf_changed":false,"footnotes":""},"class_list":["post-30","page","type-page","status-publish","hentry"],"acf":[],"yoast_head":"<!-- This site is optimized with the Yoast SEO plugin v25.3 - https:\/\/yoast.com\/wordpress\/plugins\/seo\/ -->\n<title>Mentions L\u00e9gales - Voyage \u00e0 Tokyo<\/title>\n<meta name=\"description\" content=\"Mentions l\u00e9gales du blog Voyage \u00e0 Tokyo : \u00e9diteur, propri\u00e9t\u00e9 intellectuelle, donn\u00e9es personnelles et politique de confidentialit\u00e9 (RGPD).\" \/>\n<meta name=\"robots\" content=\"index, follow, max-snippet:-1, max-image-preview:large, max-video-preview:-1\" \/>\n<link rel=\"canonical\" href=\"https:\/\/lavoixdesaintjo.fr\/2025\/tokyo-japon\/mentions-legales\/\" \/>\n<meta property=\"og:locale\" content=\"fr_FR\" \/>\n<meta property=\"og:type\" content=\"article\" \/>\n<meta property=\"og:title\" content=\"Mentions L\u00e9gales - Voyage \u00e0 Tokyo\" \/>\n<meta property=\"og:description\" content=\"Mentions l\u00e9gales du blog Voyage \u00e0 Tokyo : \u00e9diteur, propri\u00e9t\u00e9 intellectuelle, donn\u00e9es personnelles et politique de confidentialit\u00e9 (RGPD).\" \/>\n<meta property=\"og:url\" content=\"https:\/\/lavoixdesaintjo.fr\/2025\/tokyo-japon\/mentions-legales\/\" \/>\n<meta property=\"og:site_name\" content=\"Voyage \u00e0 Tokyo\" \/>\n<meta property=\"article:modified_time\" content=\"2025-06-16T14:34:50+00:00\" \/>\n<meta name=\"twitter:card\" content=\"summary_large_image\" \/>\n<meta name=\"twitter:label1\" content=\"Dur\u00e9e de lecture estim\u00e9e\" \/>\n\t<meta name=\"twitter:data1\" content=\"2 minutes\" \/>\n<script type=\"application\/ld+json\" class=\"yoast-schema-graph\">{\"@context\":\"https:\/\/schema.org\",\"@graph\":[{\"@type\":\"WebPage\",\"@id\":\"https:\/\/lavoixdesaintjo.fr\/2025\/tokyo-japon\/mentions-legales\/\",\"url\":\"https:\/\/lavoixdesaintjo.fr\/2025\/tokyo-japon\/mentions-legales\/\",\"name\":\"Mentions L\u00e9gales - Voyage \u00e0 Tokyo\",\"isPartOf\":{\"@id\":\"https:\/\/lavoixdesaintjo.fr\/2025\/tokyo-japon\/#website\"},\"datePublished\":\"2025-05-12T14:14:21+00:00\",\"dateModified\":\"2025-06-16T14:34:50+00:00\",\"description\":\"Mentions l\u00e9gales du blog Voyage \u00e0 Tokyo : \u00e9diteur, propri\u00e9t\u00e9 intellectuelle, donn\u00e9es personnelles et politique de confidentialit\u00e9 (RGPD).\",\"breadcrumb\":{\"@id\":\"https:\/\/lavoixdesaintjo.fr\/2025\/tokyo-japon\/mentions-legales\/#breadcrumb\"},\"inLanguage\":\"fr-FR\",\"potentialAction\":[{\"@type\":\"ReadAction\",\"target\":[\"https:\/\/lavoixdesaintjo.fr\/2025\/tokyo-japon\/mentions-legales\/\"]}]},{\"@type\":\"BreadcrumbList\",\"@id\":\"https:\/\/lavoixdesaintjo.fr\/2025\/tokyo-japon\/mentions-legales\/#breadcrumb\",\"itemListElement\":[{\"@type\":\"ListItem\",\"position\":1,\"name\":\"Accueil\",\"item\":\"https:\/\/lavoixdesaintjo.fr\/2025\/tokyo-japon\/\"},{\"@type\":\"ListItem\",\"position\":2,\"name\":\"Mentions L\u00e9gales\"}]},{\"@type\":\"WebSite\",\"@id\":\"https:\/\/lavoixdesaintjo.fr\/2025\/tokyo-japon\/#website\",\"url\":\"https:\/\/lavoixdesaintjo.fr\/2025\/tokyo-japon\/\",\"name\":\"Voyage \u00e0 Tokyo\",\"description\":\"D\u00e9couvrez Tokyo...Dattebayo!!\",\"publisher\":{\"@id\":\"https:\/\/lavoixdesaintjo.fr\/2025\/tokyo-japon\/#organization\"},\"potentialAction\":[{\"@type\":\"SearchAction\",\"target\":{\"@type\":\"EntryPoint\",\"urlTemplate\":\"https:\/\/lavoixdesaintjo.fr\/2025\/tokyo-japon\/?s={search_term_string}\"},\"query-input\":{\"@type\":\"PropertyValueSpecification\",\"valueRequired\":true,\"valueName\":\"search_term_string\"}}],\"inLanguage\":\"fr-FR\"},{\"@type\":\"Organization\",\"@id\":\"https:\/\/lavoixdesaintjo.fr\/2025\/tokyo-japon\/#organization\",\"name\":\"Voyage \u00e0 Tokyo\",\"url\":\"https:\/\/lavoixdesaintjo.fr\/2025\/tokyo-japon\/\",\"logo\":{\"@type\":\"ImageObject\",\"inLanguage\":\"fr-FR\",\"@id\":\"https:\/\/lavoixdesaintjo.fr\/2025\/tokyo-japon\/#\/schema\/logo\/image\/\",\"url\":\"https:\/\/lavoixdesaintjo.fr\/2025\/tokyo-japon\/wp-content\/uploads\/2025\/05\/cropped-ChatGPT-Image-12-mai-2025-15_52_40-1-1.png\",\"contentUrl\":\"https:\/\/lavoixdesaintjo.fr\/2025\/tokyo-japon\/wp-content\/uploads\/2025\/05\/cropped-ChatGPT-Image-12-mai-2025-15_52_40-1-1.png\",\"width\":512,\"height\":512,\"caption\":\"Voyage \u00e0 Tokyo\"},\"image\":{\"@id\":\"https:\/\/lavoixdesaintjo.fr\/2025\/tokyo-japon\/#\/schema\/logo\/image\/\"}}]}<\/script>\n<!-- \/ Yoast SEO plugin. -->","yoast_head_json":{"title":"Mentions L\u00e9gales - Voyage \u00e0 Tokyo","description":"Mentions l\u00e9gales du blog Voyage \u00e0 Tokyo : \u00e9diteur, propri\u00e9t\u00e9 intellectuelle, donn\u00e9es personnelles et politique de confidentialit\u00e9 (RGPD).","robots":{"index":"index","follow":"follow","max-snippet":"max-snippet:-1","max-image-preview":"max-image-preview:large","max-video-preview":"max-video-preview:-1"},"canonical":"https:\/\/lavoixdesaintjo.fr\/2025\/tokyo-japon\/mentions-legales\/","og_locale":"fr_FR","og_type":"article","og_title":"Mentions L\u00e9gales - Voyage \u00e0 Tokyo","og_description":"Mentions l\u00e9gales du blog Voyage \u00e0 Tokyo : \u00e9diteur, propri\u00e9t\u00e9 intellectuelle, donn\u00e9es personnelles et politique de confidentialit\u00e9 (RGPD).","og_url":"https:\/\/lavoixdesaintjo.fr\/2025\/tokyo-japon\/mentions-legales\/","og_site_name":"Voyage \u00e0 Tokyo","article_modified_time":"2025-06-16T14:34:50+00:00","twitter_card":"summary_large_image","twitter_misc":{"Dur\u00e9e de lecture estim\u00e9e":"2 minutes"},"schema":{"@context":"https:\/\/schema.org","@graph":[{"@type":"WebPage","@id":"https:\/\/lavoixdesaintjo.fr\/2025\/tokyo-japon\/mentions-legales\/","url":"https:\/\/lavoixdesaintjo.fr\/2025\/tokyo-japon\/mentions-legales\/","name":"Mentions L\u00e9gales - Voyage \u00e0 Tokyo","isPartOf":{"@id":"https:\/\/lavoixdesaintjo.fr\/2025\/tokyo-japon\/#website"},"datePublished":"2025-05-12T14:14:21+00:00","dateModified":"2025-06-16T14:34:50+00:00","description":"Mentions l\u00e9gales du blog Voyage \u00e0 Tokyo : \u00e9diteur, propri\u00e9t\u00e9 intellectuelle, donn\u00e9es personnelles et politique de confidentialit\u00e9 (RGPD).","breadcrumb":{"@id":"https:\/\/lavoixdesaintjo.fr\/2025\/tokyo-japon\/mentions-legales\/#breadcrumb"},"inLanguage":"fr-FR","potentialAction":[{"@type":"ReadAction","target":["https:\/\/lavoixdesaintjo.fr\/2025\/tokyo-japon\/mentions-legales\/"]}]},{"@type":"BreadcrumbList","@id":"https:\/\/lavoixdesaintjo.fr\/2025\/tokyo-japon\/mentions-legales\/#breadcrumb","itemListElement":[{"@type":"ListItem","position":1,"name":"Accueil","item":"https:\/\/lavoixdesaintjo.fr\/2025\/tokyo-japon\/"},{"@type":"ListItem","position":2,"name":"Mentions L\u00e9gales"}]},{"@type":"WebSite","@id":"https:\/\/lavoixdesaintjo.fr\/2025\/tokyo-japon\/#website","url":"https:\/\/lavoixdesaintjo.fr\/2025\/tokyo-japon\/","name":"Voyage \u00e0 Tokyo","description":"D\u00e9couvrez Tokyo...Dattebayo!!","publisher":{"@id":"https:\/\/lavoixdesaintjo.fr\/2025\/tokyo-japon\/#organization"},"potentialAction":[{"@type":"SearchAction","target":{"@type":"EntryPoint","urlTemplate":"https:\/\/lavoixdesaintjo.fr\/2025\/tokyo-japon\/?s={search_term_string}"},"query-input":{"@type":"PropertyValueSpecification","valueRequired":true,"valueName":"search_term_string"}}],"inLanguage":"fr-FR"},{"@type":"Organization","@id":"https:\/\/lavoixdesaintjo.fr\/2025\/tokyo-japon\/#organization","name":"Voyage \u00e0 Tokyo","url":"https:\/\/lavoixdesaintjo.fr\/2025\/tokyo-japon\/","logo":{"@type":"ImageObject","inLanguage":"fr-FR","@id":"https:\/\/lavoixdesaintjo.fr\/2025\/tokyo-japon\/#\/schema\/logo\/image\/","url":"https:\/\/lavoixdesaintjo.fr\/2025\/tokyo-japon\/wp-content\/uploads\/2025\/05\/cropped-ChatGPT-Image-12-mai-2025-15_52_40-1-1.png","contentUrl":"https:\/\/lavoixdesaintjo.fr\/2025\/tokyo-japon\/wp-content\/uploads\/2025\/05\/cropped-ChatGPT-Image-12-mai-2025-15_52_40-1-1.png","width":512,"height":512,"caption":"Voyage \u00e0 Tokyo"},"image":{"@id":"https:\/\/lavoixdesaintjo.fr\/2025\/tokyo-japon\/#\/schema\/logo\/image\/"}}]}},"_links":{"self":[{"href":"https:\/\/lavoixdesaintjo.fr\/2025\/tokyo-japon\/wp-json\/wp\/v2\/pages\/30","targetHints":{"allow":["GET"]}}],"collection":[{"href":"https:\/\/lavoixdesaintjo.fr\/2025\/tokyo-japon\/wp-json\/wp\/v2\/pages"}],"about":[{"href":"https:\/\/lavoixdesaintjo.fr\/2025\/tokyo-japon\/wp-json\/wp\/v2\/types\/page"}],"author":[{"embeddable":true,"href":"https:\/\/lavoixdesaintjo.fr\/2025\/tokyo-japon\/wp-json\/wp\/v2\/users\/1"}],"replies":[{"embeddable":true,"href":"https:\/\/lavoixdesaintjo.fr\/2025\/tokyo-japon\/wp-json\/wp\/v2\/comments?post=30"}],"version-history":[{"count":10,"href":"https:\/\/lavoixdesaintjo.fr\/2025\/tokyo-japon\/wp-json\/wp\/v2\/pages\/30\/revisions"}],"predecessor-version":[{"id":957,"href":"https:\/\/lavoixdesaintjo.fr\/2025\/tokyo-japon\/wp-json\/wp\/v2\/pages\/30\/revisions\/957"}],"wp:attachment":[{"href":"https:\/\/lavoixdesaintjo.fr\/2025\/tokyo-japon\/wp-json\/wp\/v2\/media?parent=30"}],"curies":[{"name":"wp","href":"https:\/\/api.w.org\/{rel}","templated":true}]}}